{"id":92,"date":"2023-05-29T18:12:47","date_gmt":"2023-05-29T16:12:47","guid":{"rendered":"http:\/\/duda-dziewierz.pl\/?page_id=92"},"modified":"2023-12-01T19:24:37","modified_gmt":"2023-12-01T18:24:37","slug":"emerytura","status":"publish","type":"page","link":"http:\/\/duda-dziewierz.pl\/?page_id=92","title":{"rendered":"Emerytura"},"content":{"rendered":"\n<p>B\u0119d\u0105c na emeryturze, nadal dzia\u0142a\u0142 spo\u0142ecznie, m.in. w Radzie Programowej Muzealnictwa (od lutego 1973 r.), w Towarzystwie Przyjaci\u00f3\u0142 Warszawy (wiceprezes Zarz\u0105du G\u0142\u00f3wnego do maja 1976 r.), w Komitecie Odbudowy Zamku Kr\u00f3lewskiego, w Komitecie Ochrony Starych Cmentarzy, czy Polskim Komitecie Narodowym ICOM.<\/p>\n\n\n\n<p>Pragn\u0105\u0142 zaj\u0105\u0107 si\u0119 jeszcze, niezwykle istotn\u0105 spraw\u0105 ochrony <br>i odbudowy park\u00f3w na terenie Warszawy &#8211; w latach 70. dzia\u0142a\u0142 na rzecz przywr\u00f3cenia \u015bwietno\u015bci parku w Wilanowie. Pomimo up\u0142ywu lat, nie traci\u0142 emocjonalnego zaanga\u017cowania. Do ko\u0144ca \u017cycia cechowa\u0142a go ofiarna i pe\u0142na pasji dzia\u0142alno\u015b\u0107 spo\u0142eczna <br>i spo\u0142ecznikowska.<\/p>\n","protected":false},"excerpt":{"rendered":"<p>B\u0119d\u0105c na emeryturze, nadal dzia\u0142a\u0142 spo\u0142ecznie, m.in. w Radzie Programowej Muzealnictwa (od lutego 1973 r.), w Towarzystwie Przyjaci\u00f3\u0142 Warszawy (wiceprezes Zarz\u0105du G\u0142\u00f3wnego do maja 1976 r.), w Komitecie Odbudowy Zamku Kr\u00f3lewskiego, w Komitecie Ochrony Starych Cmentarzy, czy Polskim Komitecie Narodowym ICOM. Pragn\u0105\u0142 zaj\u0105\u0107 si\u0119 jeszcze, niezwykle istotn\u0105 spraw\u0105 ochrony i odbudowy park\u00f3w na terenie Warszawy&hellip; <a class=\"more-link\" href=\"http:\/\/duda-dziewierz.pl\/?page_id=92\">Czytaj dalej <span class=\"screen-reader-text\">Emerytura<\/span><\/a><\/p>\n","protected":false},"author":1,"featured_media":0,"parent":0,"menu_order":0,"comment_status":"closed","ping_status":"closed","template":"","meta":{"footnotes":""},"class_list":["post-92","page","type-page","status-publish","hentry","entry"],"yoast_head":"<!-- This site is optimized with the Yoast SEO plugin v21.6 - https:\/\/yoast.com\/wordpress\/plugins\/seo\/ -->\n<title>Emerytura - Antoni Duda-Dziewierz<\/title>\n<meta name=\"description\" content=\"Dzia\u0142alno\u015b\u0107 spo\u0142eczna w Radzie Programowej Muzealnictwa, Tow. Przyjaci\u00f3\u0142 Warszawy, Kom. Odbudowy Zamku Kr\u00f3lewskiego, Kom. Ochrony Starych Cmentarzy, ICOM -Polskim Komitecie Narodowym.\" \/>\n<meta name=\"robots\" content=\"index, follow, max-snippet:-1, max-image-preview:large, max-video-preview:-1\" \/>\n<link rel=\"canonical\" href=\"http:\/\/duda-dziewierz.pl\/?page_id=92\" \/>\n<meta property=\"og:locale\" content=\"pl_PL\" \/>\n<meta property=\"og:type\" content=\"article\" \/>\n<meta property=\"og:title\" content=\"Emerytura - Antoni Duda-Dziewierz\" \/>\n<meta property=\"og:description\" content=\"Dzia\u0142alno\u015b\u0107 spo\u0142eczna w Radzie Programowej Muzealnictwa, Tow. Przyjaci\u00f3\u0142 Warszawy, Kom. Odbudowy Zamku Kr\u00f3lewskiego, Kom. Ochrony Starych Cmentarzy, ICOM -Polskim Komitecie Narodowym.\" \/>\n<meta property=\"og:url\" content=\"http:\/\/duda-dziewierz.pl\/?page_id=92\" \/>\n<meta property=\"og:site_name\" content=\"Antoni Duda-Dziewierz\" \/>\n<meta property=\"article:modified_time\" content=\"2023-12-01T18:24:37+00:00\" \/>\n<meta property=\"og:image\" content=\"http:\/\/duda-dziewierz.pl\/wp-content\/uploads\/2023\/06\/ADD-zaprasza-do-Zamku-scaled.jpg\" \/>\n\t<meta property=\"og:image:width\" content=\"2150\" \/>\n\t<meta property=\"og:image:height\" content=\"2560\" \/>\n\t<meta property=\"og:image:type\" content=\"image\/jpeg\" \/>\n<meta name=\"twitter:card\" content=\"summary_large_image\" \/>\n<meta name=\"twitter:label1\" content=\"Szacowany czas czytania\" \/>\n\t<meta name=\"twitter:data1\" content=\"1 minuta\" \/>\n<script type=\"application\/ld+json\" class=\"yoast-schema-graph\">{\"@context\":\"https:\/\/schema.org\",\"@graph\":[{\"@type\":\"WebPage\",\"@id\":\"http:\/\/duda-dziewierz.pl\/?page_id=92\",\"url\":\"http:\/\/duda-dziewierz.pl\/?page_id=92\",\"name\":\"Emerytura - Antoni Duda-Dziewierz\",\"isPartOf\":{\"@id\":\"http:\/\/duda-dziewierz.pl\/#website\"},\"datePublished\":\"2023-05-29T16:12:47+00:00\",\"dateModified\":\"2023-12-01T18:24:37+00:00\",\"description\":\"Dzia\u0142alno\u015b\u0107 spo\u0142eczna w Radzie Programowej Muzealnictwa, Tow. Przyjaci\u00f3\u0142 Warszawy, Kom. Odbudowy Zamku Kr\u00f3lewskiego, Kom. Ochrony Starych Cmentarzy, ICOM -Polskim Komitecie Narodowym.\",\"breadcrumb\":{\"@id\":\"http:\/\/duda-dziewierz.pl\/?page_id=92#breadcrumb\"},\"inLanguage\":\"pl-PL\",\"potentialAction\":[{\"@type\":\"ReadAction\",\"target\":[\"http:\/\/duda-dziewierz.pl\/?page_id=92\"]}]},{\"@type\":\"BreadcrumbList\",\"@id\":\"http:\/\/duda-dziewierz.pl\/?page_id=92#breadcrumb\",\"itemListElement\":[{\"@type\":\"ListItem\",\"position\":1,\"name\":\"Home\",\"item\":\"http:\/\/duda-dziewierz.pl\/\"},{\"@type\":\"ListItem\",\"position\":2,\"name\":\"Emerytura\"}]},{\"@type\":\"WebSite\",\"@id\":\"http:\/\/duda-dziewierz.pl\/#website\",\"url\":\"http:\/\/duda-dziewierz.pl\/\",\"name\":\"Antoni Duda-Dziewierz\",\"description\":\"\u017cycie i dzia\u0142anie w trudnych czasach\",\"alternateName\":\"Duda-Dziewierz\",\"potentialAction\":[{\"@type\":\"SearchAction\",\"target\":{\"@type\":\"EntryPoint\",\"urlTemplate\":\"http:\/\/duda-dziewierz.pl\/?s={search_term_string}\"},\"query-input\":\"required name=search_term_string\"}],\"inLanguage\":\"pl-PL\"}]}<\/script>\n<!-- \/ Yoast SEO plugin. -->","yoast_head_json":{"title":"Emerytura - Antoni Duda-Dziewierz","description":"Dzia\u0142alno\u015b\u0107 spo\u0142eczna w Radzie Programowej Muzealnictwa, Tow. Przyjaci\u00f3\u0142 Warszawy, Kom. Odbudowy Zamku Kr\u00f3lewskiego, Kom. Ochrony Starych Cmentarzy, ICOM -Polskim Komitecie Narodowym.","robots":{"index":"index","follow":"follow","max-snippet":"max-snippet:-1","max-image-preview":"max-image-preview:large","max-video-preview":"max-video-preview:-1"},"canonical":"http:\/\/duda-dziewierz.pl\/?page_id=92","og_locale":"pl_PL","og_type":"article","og_title":"Emerytura - Antoni Duda-Dziewierz","og_description":"Dzia\u0142alno\u015b\u0107 spo\u0142eczna w Radzie Programowej Muzealnictwa, Tow. Przyjaci\u00f3\u0142 Warszawy, Kom. Odbudowy Zamku Kr\u00f3lewskiego, Kom. Ochrony Starych Cmentarzy, ICOM -Polskim Komitecie Narodowym.","og_url":"http:\/\/duda-dziewierz.pl\/?page_id=92","og_site_name":"Antoni Duda-Dziewierz","article_modified_time":"2023-12-01T18:24:37+00:00","og_image":[{"width":2150,"height":2560,"url":"http:\/\/duda-dziewierz.pl\/wp-content\/uploads\/2023\/06\/ADD-zaprasza-do-Zamku-scaled.jpg","type":"image\/jpeg"}],"twitter_card":"summary_large_image","twitter_misc":{"Szacowany czas czytania":"1 minuta"},"schema":{"@context":"https:\/\/schema.org","@graph":[{"@type":"WebPage","@id":"http:\/\/duda-dziewierz.pl\/?page_id=92","url":"http:\/\/duda-dziewierz.pl\/?page_id=92","name":"Emerytura - Antoni Duda-Dziewierz","isPartOf":{"@id":"http:\/\/duda-dziewierz.pl\/#website"},"datePublished":"2023-05-29T16:12:47+00:00","dateModified":"2023-12-01T18:24:37+00:00","description":"Dzia\u0142alno\u015b\u0107 spo\u0142eczna w Radzie Programowej Muzealnictwa, Tow. Przyjaci\u00f3\u0142 Warszawy, Kom. Odbudowy Zamku Kr\u00f3lewskiego, Kom. Ochrony Starych Cmentarzy, ICOM -Polskim Komitecie Narodowym.","breadcrumb":{"@id":"http:\/\/duda-dziewierz.pl\/?page_id=92#breadcrumb"},"inLanguage":"pl-PL","potentialAction":[{"@type":"ReadAction","target":["http:\/\/duda-dziewierz.pl\/?page_id=92"]}]},{"@type":"BreadcrumbList","@id":"http:\/\/duda-dziewierz.pl\/?page_id=92#breadcrumb","itemListElement":[{"@type":"ListItem","position":1,"name":"Home","item":"http:\/\/duda-dziewierz.pl\/"},{"@type":"ListItem","position":2,"name":"Emerytura"}]},{"@type":"WebSite","@id":"http:\/\/duda-dziewierz.pl\/#website","url":"http:\/\/duda-dziewierz.pl\/","name":"Antoni Duda-Dziewierz","description":"\u017cycie i dzia\u0142anie w trudnych czasach","alternateName":"Duda-Dziewierz","potentialAction":[{"@type":"SearchAction","target":{"@type":"EntryPoint","urlTemplate":"http:\/\/duda-dziewierz.pl\/?s={search_term_string}"},"query-input":"required name=search_term_string"}],"inLanguage":"pl-PL"}]}},"_links":{"self":[{"href":"http:\/\/duda-dziewierz.pl\/index.php?rest_route=\/wp\/v2\/pages\/92","targetHints":{"allow":["GET"]}}],"collection":[{"href":"http:\/\/duda-dziewierz.pl\/index.php?rest_route=\/wp\/v2\/pages"}],"about":[{"href":"http:\/\/duda-dziewierz.pl\/index.php?rest_route=\/wp\/v2\/types\/page"}],"author":[{"embeddable":true,"href":"http:\/\/duda-dziewierz.pl\/index.php?rest_route=\/wp\/v2\/users\/1"}],"replies":[{"embeddable":true,"href":"http:\/\/duda-dziewierz.pl\/index.php?rest_route=%2Fwp%2Fv2%2Fcomments&post=92"}],"version-history":[{"count":3,"href":"http:\/\/duda-dziewierz.pl\/index.php?rest_route=\/wp\/v2\/pages\/92\/revisions"}],"predecessor-version":[{"id":430,"href":"http:\/\/duda-dziewierz.pl\/index.php?rest_route=\/wp\/v2\/pages\/92\/revisions\/430"}],"wp:attachment":[{"href":"http:\/\/duda-dziewierz.pl\/index.php?rest_route=%2Fwp%2Fv2%2Fmedia&parent=92"}],"curies":[{"name":"wp","href":"https:\/\/api.w.org\/{rel}","templated":true}]}}

<p>Będąc na emeryturze, nadal działał społecznie, m.in. w Radzie Programowej Muzealnictwa (od lutego 1973 r.), w Towarzystwie Przyjaciół Warszawy (wiceprezes Zarządu Głównego do maja 1976 r.), w Komitecie Odbudowy Zamku Królewskiego, w Komitecie Ochrony Starych Cmentarzy, czy Polskim Komitecie Narodowym ICOM.</p>



<p>Pragnął zająć się jeszcze, niezwykle istotną sprawą ochrony <br>i odbudowy parków na terenie Warszawy &#8211; w latach 70. działał na rzecz przywrócenia świetności parku w Wilanowie. Pomimo upływu lat, nie tracił emocjonalnego zaangażowania. Do końca życia cechowała go ofiarna i pełna pasji działalność społeczna <br>i społecznikowska.</p>

<p>Będąc na emeryturze, nadal działał społecznie, m.in. w Radzie Programowej Muzealnictwa (od lutego 1973 r.), w Towarzystwie Przyjaciół Warszawy (wiceprezes Zarządu Głównego do maja 1976 r.), w Komitecie Odbudowy Zamku Królewskiego, w Komitecie Ochrony Starych Cmentarzy, czy Polskim Komitecie Narodowym ICOM. Pragnął zająć się jeszcze, niezwykle istotną sprawą ochrony i odbudowy parków na terenie Warszawy&hellip; <a class="more-link" href="http://duda-dziewierz.pl/?page_id=92">Czytaj dalej <span class="screen-reader-text">Emerytura</span></a></p>

<!-- This site is optimized with the Yoast SEO plugin v21.6 - https://yoast.com/wordpress/plugins/seo/ -->
<title>Emerytura - Antoni Duda-Dziewierz</title>
<meta name="description" content="Działalność społeczna w Radzie Programowej Muzealnictwa, Tow. Przyjaciół Warszawy, Kom. Odbudowy Zamku Królewskiego, Kom. Ochrony Starych Cmentarzy, ICOM -Polskim Komitecie Narodowym." />
<meta name="robots" content="index, follow, max-snippet:-1, max-image-preview:large, max-video-preview:-1" />
<link rel="canonical" href="http://duda-dziewierz.pl/?page_id=92" />
<meta property="og:locale" content="pl_PL" />
<meta property="og:type" content="article" />
<meta property="og:title" content="Emerytura - Antoni Duda-Dziewierz" />
<meta property="og:description" content="Działalność społeczna w Radzie Programowej Muzealnictwa, Tow. Przyjaciół Warszawy, Kom. Odbudowy Zamku Królewskiego, Kom. Ochrony Starych Cmentarzy, ICOM -Polskim Komitecie Narodowym." />
<meta property="og:url" content="http://duda-dziewierz.pl/?page_id=92" />
<meta property="og:site_name" content="Antoni Duda-Dziewierz" />
<meta property="article:modified_time" content="2023-12-01T18:24:37+00:00" />
<meta property="og:image" content="http://duda-dziewierz.pl/wp-content/uploads/2023/06/ADD-zaprasza-do-Zamku-scaled.jpg" />
	<meta property="og:image:width" content="2150" />
	<meta property="og:image:height" content="2560" />
	<meta property="og:image:type" content="image/jpeg" />
<meta name="twitter:card" content="summary_large_image" />
<meta name="twitter:label1" content="Szacowany czas czytania" />
	<meta name="twitter:data1" content="1 minuta" />
<script type="application/ld+json" class="yoast-schema-graph">{"@context":"https://schema.org","@graph":[{"@type":"WebPage","@id":"http://duda-dziewierz.pl/?page_id=92","url":"http://duda-dziewierz.pl/?page_id=92","name":"Emerytura - Antoni Duda-Dziewierz","isPartOf":{"@id":"http://duda-dziewierz.pl/#website"},"datePublished":"2023-05-29T16:12:47+00:00","dateModified":"2023-12-01T18:24:37+00:00","description":"Działalność społeczna w Radzie Programowej Muzealnictwa, Tow. Przyjaciół Warszawy, Kom. Odbudowy Zamku Królewskiego, Kom. Ochrony Starych Cmentarzy, ICOM -Polskim Komitecie Narodowym.","breadcrumb":{"@id":"http://duda-dziewierz.pl/?page_id=92#breadcrumb"},"inLanguage":"pl-PL","potentialAction":[{"@type":"ReadAction","target":["http://duda-dziewierz.pl/?page_id=92"]}]},{"@type":"BreadcrumbList","@id":"http://duda-dziewierz.pl/?page_id=92#breadcrumb","itemListElement":[{"@type":"ListItem","position":1,"name":"Home","item":"http://duda-dziewierz.pl/"},{"@type":"ListItem","position":2,"name":"Emerytura"}]},{"@type":"WebSite","@id":"http://duda-dziewierz.pl/#website","url":"http://duda-dziewierz.pl/","name":"Antoni Duda-Dziewierz","description":"życie i działanie w trudnych czasach","alternateName":"Duda-Dziewierz","potentialAction":[{"@type":"SearchAction","target":{"@type":"EntryPoint","urlTemplate":"http://duda-dziewierz.pl/?s={search_term_string}"},"query-input":"required name=search_term_string"}],"inLanguage":"pl-PL"}]}</script>
<!-- / Yoast SEO plugin. -->

Działalność społeczna w Radzie Programowej Muzealnictwa, Tow. Przyjaciół Warszawy, Kom. Odbudowy Zamku Królewskiego, Kom. Ochrony Starych Cmentarzy, ICOM -Polskim Komitecie Narodowym.

życie i działanie w trudnych czasach
