{"id":89,"date":"2023-05-29T18:12:31","date_gmt":"2023-05-29T16:12:31","guid":{"rendered":"http:\/\/duda-dziewierz.pl\/?page_id=89"},"modified":"2023-12-01T19:47:49","modified_gmt":"2023-12-01T18:47:49","slug":"lancut","status":"publish","type":"page","link":"http:\/\/duda-dziewierz.pl\/?page_id=89","title":{"rendered":"\u0141a\u0144cut"},"content":{"rendered":"\n<p>W lipcu 1952 r. zobaczy\u0142 \u0142a\u0144cucki Zamek w op\u0142akanym stanie. \u201e[&#8230;] rozwieszona bielizna przed frontonem zamku, \u015bwinie, kury, byd\u0142o w ogrodzie. Co\u015b ze dwustu dzikich lokator\u00f3w, dach jak rzeszoto, na drugim pi\u0119trze st\u0142oczone resztki mebli\u201d&nbsp; .<\/p>\n\n\n\n<p>Obj\u0105\u0142 stanowisko dyrektora Zamku w pa\u017adzierniku 1952 r. Zabra\u0142 si\u0119 bardzo energicznie do pracy. Przede wszystkim wyremontowa\u0142 przeciekaj\u0105ce dachy. Nast\u0119pnie rozpocz\u0105\u0142 walk\u0119 o usuni\u0119cie grzyba \u2013 wymieniono uszkodzone rynny, posadzki, \u015bciany i stropy, za\u0142o\u017cono now\u0105 instalacj\u0119 centralnego ogrzewania, przeprowadzono kapitalny remont instalacji wodno-kanalizacyjnej; naprawiono ogrodzenie, wzmocniono mury fosy. Uda\u0142o si\u0119 stworzy\u0107 dla tego celu w\u0142asn\u0105 brygad\u0119 remontow\u0105. Prace trwa\u0142y kilka lat. W ich efekcie, po zabezpieczeniu Zamku przed dalszym niszczeniem, rozpocz\u0119to etap konserwacji sal i korytarzy pa\u0142acowych. Po usuni\u0119ciu lokator\u00f3w, wyremontowano oran\u017ceri\u0119, a w cz\u0119\u015bci po\u0142udniowej Zamku urz\u0105dzono hotel.<\/p>\n\n\n\n<p>Stopniowo budowa\u0142 zesp\u00f3\u0142 specjalist\u00f3w \u2013 konserwator\u00f3w zabytk\u00f3w, historyk\u00f3w sztuki, bibliotekoznawc\u00f3w. Pierwszym kustoszem zosta\u0142 w 1959 r. dr Jerzy Banach, jego nast\u0119pc\u0105 mgr Jerzy \u017burawski (1963-1972 r.) W kolejnych latach wyodr\u0119bniono i opracowano naukowo kolekcj\u0119 powoz\u00f3w, kt\u00f3ra systematycznie by\u0142a powi\u0119kszana o zakupy nowych obiekt\u00f3w. Do wn\u0119trz zamkowych przybywa\u0142y warto\u015bciowe eksponaty odzyskiwane lub kupowane.<\/p>\n\n\n\n<p>Wspiera\u0142 ochron\u0119 zabytk\u00f3w kultury cerkiewnej, poprzez utworzenie na terenie Muzeum Wojew\u00f3dzkiej Sk\u0142adnicy Zabytk\u00f3w Ruchomych, gromadz\u0105cej ikony i wyposa\u017cenie cerkwi. W sumie uratowano od zag\u0142ady w tym okresie blisko tysi\u0105c ikon i ok. 6 tysi\u0119cy innych obiekt\u00f3w. Dla realizacji tego zadania powo\u0142a\u0142 w \u0141a\u0144cucie Wojew\u00f3dzk\u0105 Pracowni\u0119 Konserwatorsk\u0105.<\/p>\n\n\n\n<p>W swej pracy by\u0142 wierny koncepcji \u2013 jak sam to okre\u015bla\u0142 &#8211; \u201euczynienia z plac\u00f3wek muzealnych o\u015brodk\u00f3w wszechstronnej kultury i wypoczynku\u201d. Dzia\u0142a\u0142 zatem r\u00f3wnie\u017c na rzecz spo\u0142eczno\u015bci lokalnej &#8211; za jego czas\u00f3w Muzeum sta\u0142o si\u0119 o\u015brodkiem \u017cycia kulturalnego \u0141a\u0144cuta. \u0141a\u0144cucianie ch\u0119tnie przychodzili do parku, kt\u00f3ry pe\u0142ni\u0142 funkcj\u0119 parku miejskiego oraz miejsca imprez kulturalnych, odwiedzali bibliotek\u0119, sale spotka\u0144 i pokoje klubowe umiejscowione w odrestaurowanym zameczku, a m\u0142odzie\u017c \u0142a\u0144cucka korzysta\u0142a z hali sportowej, urz\u0105dzonej w dawnej uje\u017cd\u017calni Potockich.<\/p>\n\n\n\n<p>Wsp\u00f3\u0142inicjowa\u0142 w 1961 roku Dni Muzyki Kameralnej, kt\u00f3re na wiele lat sta\u0142y si\u0119 wizyt\u00f3wk\u0105 muzyczn\u0105 \u0141a\u0144cuta. Zadba\u0142 o ulokowanie szko\u0142y muzycznej w zabytkowym budynku w parku.<\/p>\n\n\n\n<p>Pod jego zarz\u0105dem Muzeum-Zamek w \u0141a\u0144cucie sta\u0142o si\u0119 nie tylko ciekawym i cennym muzeum wn\u0119trz, ale te\u017c wa\u017cnym o\u015brodkiem turystyki krajowej i zagranicznej. Potrafi\u0142 zgromadzi\u0107 wok\u00f3\u0142 siebie ludzi z pasj\u0105, pracownik\u00f3w, kt\u00f3rzy podobnie jak on umi\u0142owali \u0141a\u0144cut i pracowali tu z prawdziwym zaanga\u017cowaniem. Pozyska\u0142 sympati\u0119 i zaufanie \u0142a\u0144cuckiego Oddzia\u0142u PTTK, kt\u00f3rego aktywno\u015b\u0107 dzi\u0119ki Muzeum by\u0142a bardzo wa\u017cna dla miasta.<\/p>\n","protected":false},"excerpt":{"rendered":"<p>W lipcu 1952 r. zobaczy\u0142 \u0142a\u0144cucki Zamek w op\u0142akanym stanie. \u201e[&#8230;] rozwieszona bielizna przed frontonem zamku, \u015bwinie, kury, byd\u0142o w ogrodzie. Co\u015b ze dwustu dzikich lokator\u00f3w, dach jak rzeszoto, na drugim pi\u0119trze st\u0142oczone resztki mebli\u201d&nbsp; . Obj\u0105\u0142 stanowisko dyrektora Zamku w pa\u017adzierniku 1952 r. Zabra\u0142 si\u0119 bardzo energicznie do pracy. Przede wszystkim wyremontowa\u0142 przeciekaj\u0105ce dachy.&hellip; <a class=\"more-link\" href=\"http:\/\/duda-dziewierz.pl\/?page_id=89\">Czytaj dalej <span class=\"screen-reader-text\">\u0141a\u0144cut<\/span><\/a><\/p>\n","protected":false},"author":1,"featured_media":0,"parent":0,"menu_order":0,"comment_status":"closed","ping_status":"closed","template":"","meta":{"footnotes":""},"class_list":["post-89","page","type-page","status-publish","hentry","entry"],"yoast_head":"<!-- This site is optimized with the Yoast SEO plugin v21.6 - https:\/\/yoast.com\/wordpress\/plugins\/seo\/ -->\n<title>\u0141a\u0144cut - Antoni Duda-Dziewierz<\/title>\n<meta name=\"description\" content=\"Remonty, naprawy, wyposa\u017cenie Muzeum, wsp\u00f3\u0142pracownicy, zesp\u00f3\u0142 specjalist\u00f3w, ratowanie sztuki cerkiewnej, Dni Muzyki Kameralnej, PTTK - przewodnicy\" \/>\n<meta name=\"robots\" content=\"index, follow, max-snippet:-1, max-image-preview:large, max-video-preview:-1\" \/>\n<link rel=\"canonical\" href=\"http:\/\/duda-dziewierz.pl\/?page_id=89\" \/>\n<meta property=\"og:locale\" content=\"pl_PL\" \/>\n<meta property=\"og:type\" content=\"article\" \/>\n<meta property=\"og:title\" content=\"\u0141a\u0144cut - Antoni Duda-Dziewierz\" \/>\n<meta property=\"og:description\" content=\"Remonty, naprawy, wyposa\u017cenie Muzeum, wsp\u00f3\u0142pracownicy, zesp\u00f3\u0142 specjalist\u00f3w, ratowanie sztuki cerkiewnej, Dni Muzyki Kameralnej, PTTK - przewodnicy\" \/>\n<meta property=\"og:url\" content=\"http:\/\/duda-dziewierz.pl\/?page_id=89\" \/>\n<meta property=\"og:site_name\" content=\"Antoni Duda-Dziewierz\" \/>\n<meta property=\"article:modified_time\" content=\"2023-12-01T18:47:49+00:00\" \/>\n<meta property=\"og:image\" content=\"http:\/\/duda-dziewierz.pl\/wp-content\/uploads\/2023\/06\/ADD-zaprasza-do-Zamku-scaled.jpg\" \/>\n\t<meta property=\"og:image:width\" content=\"2150\" \/>\n\t<meta property=\"og:image:height\" content=\"2560\" \/>\n\t<meta property=\"og:image:type\" content=\"image\/jpeg\" \/>\n<meta name=\"twitter:card\" content=\"summary_large_image\" \/>\n<meta name=\"twitter:label1\" content=\"Szacowany czas czytania\" \/>\n\t<meta name=\"twitter:data1\" content=\"3 minuty\" \/>\n<script type=\"application\/ld+json\" class=\"yoast-schema-graph\">{\"@context\":\"https:\/\/schema.org\",\"@graph\":[{\"@type\":\"WebPage\",\"@id\":\"http:\/\/duda-dziewierz.pl\/?page_id=89\",\"url\":\"http:\/\/duda-dziewierz.pl\/?page_id=89\",\"name\":\"\u0141a\u0144cut - Antoni Duda-Dziewierz\",\"isPartOf\":{\"@id\":\"http:\/\/duda-dziewierz.pl\/#website\"},\"datePublished\":\"2023-05-29T16:12:31+00:00\",\"dateModified\":\"2023-12-01T18:47:49+00:00\",\"description\":\"Remonty, naprawy, wyposa\u017cenie Muzeum, wsp\u00f3\u0142pracownicy, zesp\u00f3\u0142 specjalist\u00f3w, ratowanie sztuki cerkiewnej, Dni Muzyki Kameralnej, PTTK - przewodnicy\",\"breadcrumb\":{\"@id\":\"http:\/\/duda-dziewierz.pl\/?page_id=89#breadcrumb\"},\"inLanguage\":\"pl-PL\",\"potentialAction\":[{\"@type\":\"ReadAction\",\"target\":[\"http:\/\/duda-dziewierz.pl\/?page_id=89\"]}]},{\"@type\":\"BreadcrumbList\",\"@id\":\"http:\/\/duda-dziewierz.pl\/?page_id=89#breadcrumb\",\"itemListElement\":[{\"@type\":\"ListItem\",\"position\":1,\"name\":\"Home\",\"item\":\"http:\/\/duda-dziewierz.pl\/\"},{\"@type\":\"ListItem\",\"position\":2,\"name\":\"\u0141a\u0144cut\"}]},{\"@type\":\"WebSite\",\"@id\":\"http:\/\/duda-dziewierz.pl\/#website\",\"url\":\"http:\/\/duda-dziewierz.pl\/\",\"name\":\"Antoni Duda-Dziewierz\",\"description\":\"\u017cycie i dzia\u0142anie w trudnych czasach\",\"alternateName\":\"Duda-Dziewierz\",\"potentialAction\":[{\"@type\":\"SearchAction\",\"target\":{\"@type\":\"EntryPoint\",\"urlTemplate\":\"http:\/\/duda-dziewierz.pl\/?s={search_term_string}\"},\"query-input\":\"required name=search_term_string\"}],\"inLanguage\":\"pl-PL\"}]}<\/script>\n<!-- \/ Yoast SEO plugin. -->","yoast_head_json":{"title":"\u0141a\u0144cut - Antoni Duda-Dziewierz","description":"Remonty, naprawy, wyposa\u017cenie Muzeum, wsp\u00f3\u0142pracownicy, zesp\u00f3\u0142 specjalist\u00f3w, ratowanie sztuki cerkiewnej, Dni Muzyki Kameralnej, PTTK - przewodnicy","robots":{"index":"index","follow":"follow","max-snippet":"max-snippet:-1","max-image-preview":"max-image-preview:large","max-video-preview":"max-video-preview:-1"},"canonical":"http:\/\/duda-dziewierz.pl\/?page_id=89","og_locale":"pl_PL","og_type":"article","og_title":"\u0141a\u0144cut - Antoni Duda-Dziewierz","og_description":"Remonty, naprawy, wyposa\u017cenie Muzeum, wsp\u00f3\u0142pracownicy, zesp\u00f3\u0142 specjalist\u00f3w, ratowanie sztuki cerkiewnej, Dni Muzyki Kameralnej, PTTK - przewodnicy","og_url":"http:\/\/duda-dziewierz.pl\/?page_id=89","og_site_name":"Antoni Duda-Dziewierz","article_modified_time":"2023-12-01T18:47:49+00:00","og_image":[{"width":2150,"height":2560,"url":"http:\/\/duda-dziewierz.pl\/wp-content\/uploads\/2023\/06\/ADD-zaprasza-do-Zamku-scaled.jpg","type":"image\/jpeg"}],"twitter_card":"summary_large_image","twitter_misc":{"Szacowany czas czytania":"3 minuty"},"schema":{"@context":"https:\/\/schema.org","@graph":[{"@type":"WebPage","@id":"http:\/\/duda-dziewierz.pl\/?page_id=89","url":"http:\/\/duda-dziewierz.pl\/?page_id=89","name":"\u0141a\u0144cut - Antoni Duda-Dziewierz","isPartOf":{"@id":"http:\/\/duda-dziewierz.pl\/#website"},"datePublished":"2023-05-29T16:12:31+00:00","dateModified":"2023-12-01T18:47:49+00:00","description":"Remonty, naprawy, wyposa\u017cenie Muzeum, wsp\u00f3\u0142pracownicy, zesp\u00f3\u0142 specjalist\u00f3w, ratowanie sztuki cerkiewnej, Dni Muzyki Kameralnej, PTTK - przewodnicy","breadcrumb":{"@id":"http:\/\/duda-dziewierz.pl\/?page_id=89#breadcrumb"},"inLanguage":"pl-PL","potentialAction":[{"@type":"ReadAction","target":["http:\/\/duda-dziewierz.pl\/?page_id=89"]}]},{"@type":"BreadcrumbList","@id":"http:\/\/duda-dziewierz.pl\/?page_id=89#breadcrumb","itemListElement":[{"@type":"ListItem","position":1,"name":"Home","item":"http:\/\/duda-dziewierz.pl\/"},{"@type":"ListItem","position":2,"name":"\u0141a\u0144cut"}]},{"@type":"WebSite","@id":"http:\/\/duda-dziewierz.pl\/#website","url":"http:\/\/duda-dziewierz.pl\/","name":"Antoni Duda-Dziewierz","description":"\u017cycie i dzia\u0142anie w trudnych czasach","alternateName":"Duda-Dziewierz","potentialAction":[{"@type":"SearchAction","target":{"@type":"EntryPoint","urlTemplate":"http:\/\/duda-dziewierz.pl\/?s={search_term_string}"},"query-input":"required name=search_term_string"}],"inLanguage":"pl-PL"}]}},"_links":{"self":[{"href":"http:\/\/duda-dziewierz.pl\/index.php?rest_route=\/wp\/v2\/pages\/89","targetHints":{"allow":["GET"]}}],"collection":[{"href":"http:\/\/duda-dziewierz.pl\/index.php?rest_route=\/wp\/v2\/pages"}],"about":[{"href":"http:\/\/duda-dziewierz.pl\/index.php?rest_route=\/wp\/v2\/types\/page"}],"author":[{"embeddable":true,"href":"http:\/\/duda-dziewierz.pl\/index.php?rest_route=\/wp\/v2\/users\/1"}],"replies":[{"embeddable":true,"href":"http:\/\/duda-dziewierz.pl\/index.php?rest_route=%2Fwp%2Fv2%2Fcomments&post=89"}],"version-history":[{"count":2,"href":"http:\/\/duda-dziewierz.pl\/index.php?rest_route=\/wp\/v2\/pages\/89\/revisions"}],"predecessor-version":[{"id":319,"href":"http:\/\/duda-dziewierz.pl\/index.php?rest_route=\/wp\/v2\/pages\/89\/revisions\/319"}],"wp:attachment":[{"href":"http:\/\/duda-dziewierz.pl\/index.php?rest_route=%2Fwp%2Fv2%2Fmedia&parent=89"}],"curies":[{"name":"wp","href":"https:\/\/api.w.org\/{rel}","templated":true}]}}

Łańcut

<p>W lipcu 1952 r. zobaczył łańcucki Zamek w opłakanym stanie. „[&#8230;] rozwieszona bielizna przed frontonem zamku, świnie, kury, bydło w ogrodzie. Coś ze dwustu dzikich lokatorów, dach jak rzeszoto, na drugim piętrze stłoczone resztki mebli”&nbsp; .</p>



<p>Objął stanowisko dyrektora Zamku w październiku 1952 r. Zabrał się bardzo energicznie do pracy. Przede wszystkim wyremontował przeciekające dachy. Następnie rozpoczął walkę o usunięcie grzyba – wymieniono uszkodzone rynny, posadzki, ściany i stropy, założono nową instalację centralnego ogrzewania, przeprowadzono kapitalny remont instalacji wodno-kanalizacyjnej; naprawiono ogrodzenie, wzmocniono mury fosy. Udało się stworzyć dla tego celu własną brygadę remontową. Prace trwały kilka lat. W ich efekcie, po zabezpieczeniu Zamku przed dalszym niszczeniem, rozpoczęto etap konserwacji sal i korytarzy pałacowych. Po usunięciu lokatorów, wyremontowano oranżerię, a w części południowej Zamku urządzono hotel.</p>



<p>Stopniowo budował zespół specjalistów – konserwatorów zabytków, historyków sztuki, bibliotekoznawców. Pierwszym kustoszem został w 1959 r. dr Jerzy Banach, jego następcą mgr Jerzy Żurawski (1963-1972 r.) W kolejnych latach wyodrębniono i opracowano naukowo kolekcję powozów, która systematycznie była powiększana o zakupy nowych obiektów. Do wnętrz zamkowych przybywały wartościowe eksponaty odzyskiwane lub kupowane.</p>



<p>Wspierał ochronę zabytków kultury cerkiewnej, poprzez utworzenie na terenie Muzeum Wojewódzkiej Składnicy Zabytków Ruchomych, gromadzącej ikony i wyposażenie cerkwi. W sumie uratowano od zagłady w tym okresie blisko tysiąc ikon i ok. 6 tysięcy innych obiektów. Dla realizacji tego zadania powołał w Łańcucie Wojewódzką Pracownię Konserwatorską.</p>



<p>W swej pracy był wierny koncepcji – jak sam to określał &#8211; „uczynienia z placówek muzealnych ośrodków wszechstronnej kultury i wypoczynku”. Działał zatem również na rzecz społeczności lokalnej &#8211; za jego czasów Muzeum stało się ośrodkiem życia kulturalnego Łańcuta. Łańcucianie chętnie przychodzili do parku, który pełnił funkcję parku miejskiego oraz miejsca imprez kulturalnych, odwiedzali bibliotekę, sale spotkań i pokoje klubowe umiejscowione w odrestaurowanym zameczku, a młodzież łańcucka korzystała z hali sportowej, urządzonej w dawnej ujeżdżalni Potockich.</p>



<p>Współinicjował w 1961 roku Dni Muzyki Kameralnej, które na wiele lat stały się wizytówką muzyczną Łańcuta. Zadbał o ulokowanie szkoły muzycznej w zabytkowym budynku w parku.</p>



<p>Pod jego zarządem Muzeum-Zamek w Łańcucie stało się nie tylko ciekawym i cennym muzeum wnętrz, ale też ważnym ośrodkiem turystyki krajowej i zagranicznej. Potrafił zgromadzić wokół siebie ludzi z pasją, pracowników, którzy podobnie jak on umiłowali Łańcut i pracowali tu z prawdziwym zaangażowaniem. Pozyskał sympatię i zaufanie łańcuckiego Oddziału PTTK, którego aktywność dzięki Muzeum była bardzo ważna dla miasta.</p>

<p>W lipcu 1952 r. zobaczył łańcucki Zamek w opłakanym stanie. „[&#8230;] rozwieszona bielizna przed frontonem zamku, świnie, kury, bydło w ogrodzie. Coś ze dwustu dzikich lokatorów, dach jak rzeszoto, na drugim piętrze stłoczone resztki mebli”&nbsp; . Objął stanowisko dyrektora Zamku w październiku 1952 r. Zabrał się bardzo energicznie do pracy. Przede wszystkim wyremontował przeciekające dachy.&hellip; <a class="more-link" href="http://duda-dziewierz.pl/?page_id=89">Czytaj dalej <span class="screen-reader-text">Łańcut</span></a></p>

<!-- This site is optimized with the Yoast SEO plugin v21.6 - https://yoast.com/wordpress/plugins/seo/ -->
<title>Łańcut - Antoni Duda-Dziewierz</title>
<meta name="description" content="Remonty, naprawy, wyposażenie Muzeum, współpracownicy, zespół specjalistów, ratowanie sztuki cerkiewnej, Dni Muzyki Kameralnej, PTTK - przewodnicy" />
<meta name="robots" content="index, follow, max-snippet:-1, max-image-preview:large, max-video-preview:-1" />
<link rel="canonical" href="http://duda-dziewierz.pl/?page_id=89" />
<meta property="og:locale" content="pl_PL" />
<meta property="og:type" content="article" />
<meta property="og:title" content="Łańcut - Antoni Duda-Dziewierz" />
<meta property="og:description" content="Remonty, naprawy, wyposażenie Muzeum, współpracownicy, zespół specjalistów, ratowanie sztuki cerkiewnej, Dni Muzyki Kameralnej, PTTK - przewodnicy" />
<meta property="og:url" content="http://duda-dziewierz.pl/?page_id=89" />
<meta property="og:site_name" content="Antoni Duda-Dziewierz" />
<meta property="article:modified_time" content="2023-12-01T18:47:49+00:00" />
<meta property="og:image" content="http://duda-dziewierz.pl/wp-content/uploads/2023/06/ADD-zaprasza-do-Zamku-scaled.jpg" />
	<meta property="og:image:width" content="2150" />
	<meta property="og:image:height" content="2560" />
	<meta property="og:image:type" content="image/jpeg" />
<meta name="twitter:card" content="summary_large_image" />
<meta name="twitter:label1" content="Szacowany czas czytania" />
	<meta name="twitter:data1" content="3 minuty" />
<script type="application/ld+json" class="yoast-schema-graph">{"@context":"https://schema.org","@graph":[{"@type":"WebPage","@id":"http://duda-dziewierz.pl/?page_id=89","url":"http://duda-dziewierz.pl/?page_id=89","name":"Łańcut - Antoni Duda-Dziewierz","isPartOf":{"@id":"http://duda-dziewierz.pl/#website"},"datePublished":"2023-05-29T16:12:31+00:00","dateModified":"2023-12-01T18:47:49+00:00","description":"Remonty, naprawy, wyposażenie Muzeum, współpracownicy, zespół specjalistów, ratowanie sztuki cerkiewnej, Dni Muzyki Kameralnej, PTTK - przewodnicy","breadcrumb":{"@id":"http://duda-dziewierz.pl/?page_id=89#breadcrumb"},"inLanguage":"pl-PL","potentialAction":[{"@type":"ReadAction","target":["http://duda-dziewierz.pl/?page_id=89"]}]},{"@type":"BreadcrumbList","@id":"http://duda-dziewierz.pl/?page_id=89#breadcrumb","itemListElement":[{"@type":"ListItem","position":1,"name":"Home","item":"http://duda-dziewierz.pl/"},{"@type":"ListItem","position":2,"name":"Łańcut"}]},{"@type":"WebSite","@id":"http://duda-dziewierz.pl/#website","url":"http://duda-dziewierz.pl/","name":"Antoni Duda-Dziewierz","description":"życie i działanie w trudnych czasach","alternateName":"Duda-Dziewierz","potentialAction":[{"@type":"SearchAction","target":{"@type":"EntryPoint","urlTemplate":"http://duda-dziewierz.pl/?s={search_term_string}"},"query-input":"required name=search_term_string"}],"inLanguage":"pl-PL"}]}</script>
<!-- / Yoast SEO plugin. -->

Łańcut - Antoni Duda-Dziewierz

Remonty, naprawy, wyposażenie Muzeum, współpracownicy, zespół specjalistów, ratowanie sztuki cerkiewnej, Dni Muzyki Kameralnej, PTTK - przewodnicy

życie i działanie w trudnych czasach
