{"id":67,"date":"2023-05-29T17:59:34","date_gmt":"2023-05-29T15:59:34","guid":{"rendered":"http:\/\/duda-dziewierz.pl\/?page_id=67"},"modified":"2023-07-07T13:18:19","modified_gmt":"2023-07-07T11:18:19","slug":"kilka-slow-o-mnie","status":"publish","type":"page","link":"http:\/\/duda-dziewierz.pl\/?page_id=67","title":{"rendered":"Zuzanna Guzel-Szczepi\u00f3rkowska"},"content":{"rendered":"\n<div class=\"wp-block-getwid-section alignfull alignfull getwid-section-content-custom-width\"><div class=\"wp-block-getwid-section__wrapper getwid-padding-left-medium getwid-padding-right-medium\"><div class=\"wp-block-getwid-section__inner-wrapper\" style=\"max-width:1140px\"><div class=\"wp-block-getwid-section__background-holder\"><div class=\"wp-block-getwid-section__background\"><\/div><div class=\"wp-block-getwid-section__foreground\"><\/div><\/div><div class=\"wp-block-getwid-section__content\"><div class=\"wp-block-getwid-section__inner-content\">\n<div class=\"wp-block-columns has-2-columns are-vertically-aligned-center is-layout-flex wp-container-core-columns-is-layout-9d6595d7 wp-block-columns-is-layout-flex\">\n<div class=\"wp-block-column is-vertically-aligned-center is-layout-flow wp-block-column-is-layout-flow\">\n<figure class=\"wp-block-image size-large\"><img loading=\"lazy\" decoding=\"async\" width=\"860\" height=\"1024\" src=\"http:\/\/duda-dziewierz.pl\/wp-content\/uploads\/2023\/06\/DSC_1913-2-1-860x1024.jpg\" alt=\"\" class=\"wp-image-411\" srcset=\"http:\/\/duda-dziewierz.pl\/wp-content\/uploads\/2023\/06\/DSC_1913-2-1-860x1024.jpg 860w, http:\/\/duda-dziewierz.pl\/wp-content\/uploads\/2023\/06\/DSC_1913-2-1-252x300.jpg 252w, http:\/\/duda-dziewierz.pl\/wp-content\/uploads\/2023\/06\/DSC_1913-2-1-768x914.jpg 768w, http:\/\/duda-dziewierz.pl\/wp-content\/uploads\/2023\/06\/DSC_1913-2-1-1290x1536.jpg 1290w, http:\/\/duda-dziewierz.pl\/wp-content\/uploads\/2023\/06\/DSC_1913-2-1-1720x2048.jpg 1720w, http:\/\/duda-dziewierz.pl\/wp-content\/uploads\/2023\/06\/DSC_1913-2-1-1568x1867.jpg 1568w\" sizes=\"auto, (max-width: 860px) 100vw, 860px\" \/><\/figure>\n<\/div>\n\n\n\n<div class=\"wp-block-column is-vertically-aligned-center is-layout-flow wp-block-column-is-layout-flow\">\n<div class=\"wp-block-getwid-section\"><div class=\"wp-block-getwid-section__wrapper getwid-padding-top-none getwid-padding-bottom-none getwid-padding-left-medium getwid-padding-right-none getwid-padding-mobile-left-none\"><div class=\"wp-block-getwid-section__inner-wrapper\"><div class=\"wp-block-getwid-section__background-holder\"><div class=\"wp-block-getwid-section__background\"><\/div><div class=\"wp-block-getwid-section__foreground\"><\/div><\/div><div class=\"wp-block-getwid-section__content\"><div class=\"wp-block-getwid-section__inner-content\">\n<div class=\"wp-block-getwid-advanced-heading\" style=\"margin-bottom:30px;margin-top:10px\"><h2 class=\"wp-block-getwid-advanced-heading__content\">kilka s\u0142\u00f3w od autorki<\/h2><\/div>\n\n\n\n<p>Nie nale\u017c\u0119 do grona literat\u00f3w, pisarzy, dziennikarzy. Nie mam wykszta\u0142cenia historyka sztuki, architekta, konserwatora zabytk\u00f3w. Ale mam poczucie silnej wi\u0119zi emocjonalnej z moim dziadkiem Antonim oraz przekonanie, \u017ce jego dokonania warte s\u0105 odnotowania i przypomnienia, a on sam zas\u0142uguje na wydobycie z przesz\u0142o\u015bci.<\/p>\n\n\n\n<p>Ods\u0142oni\u0119cie jesieni\u0105 2022 roku w Muzeum-Zamku <br>w \u0141a\u0144cucie, tablicy upami\u0119tniaj\u0105cej jego zas\u0142ugi <br>w muzealnictwie by\u0142o pierwszym krokiem przywo\u0142uj\u0105cym te dokonania. Kolejnym sta\u0142a si\u0119 publikacja ksi\u0105\u017cki \u2013 biografii z ostatniego etapu jego \u017cycia zawodowego \u2013 pracy w \u0141a\u0144cucie. Nie jest to opracowanie naukowe, ani biografia zgodna ze sztywnym kanonem. Raczej pr\u00f3ba zrozumienia <br>i opisania jego los\u00f3w na tle czas\u00f3w i otaczaj\u0105cej rzeczywisto\u015bci. Los\u00f3w, kt\u00f3re na 20 lat zwi\u0105za\u0142y go <br>z \u0141a\u0144cutem w\u0119z\u0142em tak silnym, \u017ce niemo\u017cliwym niemal\u017ce do rozerwania. Ksi\u0105\u017cka jest przywo\u0142aniem czas\u00f3w, kiedy ludzki zapa\u0142, pasja dzia\u0142ania i uporczywo\u015b\u0107 stara\u0144, wbrew dramatycznym nieraz przeciwno\u015bciom politycznym i gospodarczym, niedostatkom finansowym i materia\u0142owym, przynosi\u0142y pi\u0119kny efekt. Publikacja spotka\u0142a si\u0119 z pozytywnym odbiorem i oceniona zosta\u0142a jako spo\u0142ecznie potrzebna. Jest to doskona\u0142a rekomendacja. <br>Ksi\u0105\u017cka jest dost\u0119pna na Allegro.pl<\/p>\n\n\n\n<div class=\"wp-block-getwid-advanced-spacer\" style=\"height:10px\" aria-hidden=\"true\"><\/div>\n\n\n\n<div class=\"wp-block-button\"><a class=\"wp-block-button__link has-text-color has-background wp-element-button\" href=\"http:\/\/duda-dziewierz.pl\/?page_id=99\" style=\"color:#ffffff;background-color:#000000\">Kontakt<\/a><\/div>\n<\/div><\/div><\/div><\/div><\/div>\n<\/div>\n<\/div>\n<\/div><\/div><\/div><\/div><\/div>\n","protected":false},"excerpt":{"rendered":"","protected":false},"author":1,"featured_media":0,"parent":0,"menu_order":0,"comment_status":"closed","ping_status":"closed","template":"","meta":{"footnotes":""},"class_list":["post-67","page","type-page","status-publish","hentry","entry"],"yoast_head":"<!-- This site is optimized with the Yoast SEO plugin v21.6 - https:\/\/yoast.com\/wordpress\/plugins\/seo\/ -->\n<title>Zuzanna Guzel-Szczepi\u00f3rkowska - Antoni Duda-Dziewierz<\/title>\n<meta name=\"robots\" content=\"index, follow, max-snippet:-1, max-image-preview:large, max-video-preview:-1\" \/>\n<link rel=\"canonical\" href=\"http:\/\/duda-dziewierz.pl\/?page_id=67\" \/>\n<meta property=\"og:locale\" content=\"pl_PL\" \/>\n<meta property=\"og:type\" content=\"article\" \/>\n<meta property=\"og:title\" content=\"Zuzanna Guzel-Szczepi\u00f3rkowska - Antoni Duda-Dziewierz\" \/>\n<meta property=\"og:url\" content=\"http:\/\/duda-dziewierz.pl\/?page_id=67\" \/>\n<meta property=\"og:site_name\" content=\"Antoni Duda-Dziewierz\" \/>\n<meta property=\"article:modified_time\" content=\"2023-07-07T11:18:19+00:00\" \/>\n<meta property=\"og:image\" content=\"http:\/\/duda-dziewierz.pl\/wp-content\/uploads\/2023\/06\/DSC_1913-2-1-860x1024.jpg\" \/>\n<meta name=\"twitter:card\" content=\"summary_large_image\" \/>\n<meta name=\"twitter:label1\" content=\"Szacowany czas czytania\" \/>\n\t<meta name=\"twitter:data1\" content=\"1 minuta\" \/>\n<script type=\"application\/ld+json\" class=\"yoast-schema-graph\">{\"@context\":\"https:\/\/schema.org\",\"@graph\":[{\"@type\":\"WebPage\",\"@id\":\"http:\/\/duda-dziewierz.pl\/?page_id=67\",\"url\":\"http:\/\/duda-dziewierz.pl\/?page_id=67\",\"name\":\"Zuzanna Guzel-Szczepi\u00f3rkowska - Antoni Duda-Dziewierz\",\"isPartOf\":{\"@id\":\"http:\/\/duda-dziewierz.pl\/#website\"},\"datePublished\":\"2023-05-29T15:59:34+00:00\",\"dateModified\":\"2023-07-07T11:18:19+00:00\",\"breadcrumb\":{\"@id\":\"http:\/\/duda-dziewierz.pl\/?page_id=67#breadcrumb\"},\"inLanguage\":\"pl-PL\",\"potentialAction\":[{\"@type\":\"ReadAction\",\"target\":[\"http:\/\/duda-dziewierz.pl\/?page_id=67\"]}]},{\"@type\":\"BreadcrumbList\",\"@id\":\"http:\/\/duda-dziewierz.pl\/?page_id=67#breadcrumb\",\"itemListElement\":[{\"@type\":\"ListItem\",\"position\":1,\"name\":\"Home\",\"item\":\"http:\/\/duda-dziewierz.pl\/\"},{\"@type\":\"ListItem\",\"position\":2,\"name\":\"Zuzanna Guzel-Szczepi\u00f3rkowska\"}]},{\"@type\":\"WebSite\",\"@id\":\"http:\/\/duda-dziewierz.pl\/#website\",\"url\":\"http:\/\/duda-dziewierz.pl\/\",\"name\":\"Antoni Duda-Dziewierz\",\"description\":\"\u017cycie i dzia\u0142anie w trudnych czasach\",\"alternateName\":\"Duda-Dziewierz\",\"potentialAction\":[{\"@type\":\"SearchAction\",\"target\":{\"@type\":\"EntryPoint\",\"urlTemplate\":\"http:\/\/duda-dziewierz.pl\/?s={search_term_string}\"},\"query-input\":\"required name=search_term_string\"}],\"inLanguage\":\"pl-PL\"}]}<\/script>\n<!-- \/ Yoast SEO plugin. -->","yoast_head_json":{"title":"Zuzanna Guzel-Szczepi\u00f3rkowska - Antoni Duda-Dziewierz","robots":{"index":"index","follow":"follow","max-snippet":"max-snippet:-1","max-image-preview":"max-image-preview:large","max-video-preview":"max-video-preview:-1"},"canonical":"http:\/\/duda-dziewierz.pl\/?page_id=67","og_locale":"pl_PL","og_type":"article","og_title":"Zuzanna Guzel-Szczepi\u00f3rkowska - Antoni Duda-Dziewierz","og_url":"http:\/\/duda-dziewierz.pl\/?page_id=67","og_site_name":"Antoni Duda-Dziewierz","article_modified_time":"2023-07-07T11:18:19+00:00","og_image":[{"url":"http:\/\/duda-dziewierz.pl\/wp-content\/uploads\/2023\/06\/DSC_1913-2-1-860x1024.jpg"}],"twitter_card":"summary_large_image","twitter_misc":{"Szacowany czas czytania":"1 minuta"},"schema":{"@context":"https:\/\/schema.org","@graph":[{"@type":"WebPage","@id":"http:\/\/duda-dziewierz.pl\/?page_id=67","url":"http:\/\/duda-dziewierz.pl\/?page_id=67","name":"Zuzanna Guzel-Szczepi\u00f3rkowska - Antoni Duda-Dziewierz","isPartOf":{"@id":"http:\/\/duda-dziewierz.pl\/#website"},"datePublished":"2023-05-29T15:59:34+00:00","dateModified":"2023-07-07T11:18:19+00:00","breadcrumb":{"@id":"http:\/\/duda-dziewierz.pl\/?page_id=67#breadcrumb"},"inLanguage":"pl-PL","potentialAction":[{"@type":"ReadAction","target":["http:\/\/duda-dziewierz.pl\/?page_id=67"]}]},{"@type":"BreadcrumbList","@id":"http:\/\/duda-dziewierz.pl\/?page_id=67#breadcrumb","itemListElement":[{"@type":"ListItem","position":1,"name":"Home","item":"http:\/\/duda-dziewierz.pl\/"},{"@type":"ListItem","position":2,"name":"Zuzanna Guzel-Szczepi\u00f3rkowska"}]},{"@type":"WebSite","@id":"http:\/\/duda-dziewierz.pl\/#website","url":"http:\/\/duda-dziewierz.pl\/","name":"Antoni Duda-Dziewierz","description":"\u017cycie i dzia\u0142anie w trudnych czasach","alternateName":"Duda-Dziewierz","potentialAction":[{"@type":"SearchAction","target":{"@type":"EntryPoint","urlTemplate":"http:\/\/duda-dziewierz.pl\/?s={search_term_string}"},"query-input":"required name=search_term_string"}],"inLanguage":"pl-PL"}]}},"_links":{"self":[{"href":"http:\/\/duda-dziewierz.pl\/index.php?rest_route=\/wp\/v2\/pages\/67","targetHints":{"allow":["GET"]}}],"collection":[{"href":"http:\/\/duda-dziewierz.pl\/index.php?rest_route=\/wp\/v2\/pages"}],"about":[{"href":"http:\/\/duda-dziewierz.pl\/index.php?rest_route=\/wp\/v2\/types\/page"}],"author":[{"embeddable":true,"href":"http:\/\/duda-dziewierz.pl\/index.php?rest_route=\/wp\/v2\/users\/1"}],"replies":[{"embeddable":true,"href":"http:\/\/duda-dziewierz.pl\/index.php?rest_route=%2Fwp%2Fv2%2Fcomments&post=67"}],"version-history":[{"count":8,"href":"http:\/\/duda-dziewierz.pl\/index.php?rest_route=\/wp\/v2\/pages\/67\/revisions"}],"predecessor-version":[{"id":657,"href":"http:\/\/duda-dziewierz.pl\/index.php?rest_route=\/wp\/v2\/pages\/67\/revisions\/657"}],"wp:attachment":[{"href":"http:\/\/duda-dziewierz.pl\/index.php?rest_route=%2Fwp%2Fv2%2Fmedia&parent=67"}],"curies":[{"name":"wp","href":"https:\/\/api.w.org\/{rel}","templated":true}]}}