{"id":532,"date":"2023-06-05T12:40:50","date_gmt":"2023-06-05T10:40:50","guid":{"rendered":"http:\/\/duda-dziewierz.pl\/?page_id=532"},"modified":"2023-12-01T18:48:05","modified_gmt":"2023-12-01T17:48:05","slug":"dworek-w-zarnowcu","status":"publish","type":"page","link":"http:\/\/duda-dziewierz.pl\/?page_id=532","title":{"rendered":"Dworek w \u017barnowcu"},"content":{"rendered":"\n<p>Maria Konopnicka otrzyma\u0142a dworek w darze od spo\u0142ecze\u0144stwa polskiego w 1903 roku, z okazji jubileuszu 25-lecia jej pracy literackiej i 60-tych urodzin. By\u0142 to budynek w przewa\u017caj\u0105cej cz\u0119\u015bci drewniany, kryty gontem z niewysokim poddaszem i dwiema werandami. Posiada\u0142 8 pomieszcze\u0144 na parterze i dwa na pi\u0119trze. Ca\u0142a posiad\u0142o\u015b\u0107 mia\u0142a w\u00f3wczas 3 ha powierzchni. Konopnicka sp\u0119dzi\u0142a w nim 7 lat, kt\u00f3re po\u015bwi\u0119ci\u0142a na dzia\u0142alno\u015b\u0107 pisarsk\u0105. <br>W dworku powsta\u0142o wiele utwor\u00f3w z ostatniego okresu jej aktywno\u015bci literackiej &#8211; w tym \u201eRota\u201d.<\/p>\n\n\n\n<p>Po \u015bmierci Marii Konopnickiej, jej c\u00f3rki zamieszkiwa\u0142y w dworku. Stopniowo jego stan utrzymania pogarsza\u0142 si\u0119. Obiekt wymaga\u0142 gruntownego remontu. W 1956 roku, c\u00f3rka poetki Zofia Mickiewiczowa, dokona\u0142a oficjalnego aktu darowizny dworku <br>i posiad\u0142o\u015bci ziemskiej narodowi polskiemu. W oparciu o ten akt, Zarz\u0105dzeniem Ministerstwa Kultury i Sztuki z 11 lutego 1957 r. Muzeum Marii Konopnickiej w \u017barnowcu zosta\u0142o powo\u0142ane do \u017cycia.<\/p>\n\n\n\n<p><\/p>\n\n\n\n<div class=\"wp-block-getwid-section alignfull alignfull getwid-section-content-custom-width\"><div class=\"wp-block-getwid-section__wrapper getwid-padding-left-medium getwid-padding-right-medium\"><div class=\"wp-block-getwid-section__inner-wrapper\" style=\"max-width:1140px\"><div class=\"wp-block-getwid-section__background-holder\"><div class=\"wp-block-getwid-section__background\"><\/div><div class=\"wp-block-getwid-section__foreground\"><\/div><\/div><div class=\"wp-block-getwid-section__content\"><div class=\"wp-block-getwid-section__inner-content\">\n<div class=\"wp-block-columns has-2-columns are-vertically-aligned-center is-layout-flex wp-container-core-columns-is-layout-9d6595d7 wp-block-columns-is-layout-flex\">\n<div class=\"wp-block-column is-vertically-aligned-center is-layout-flow wp-block-column-is-layout-flow\">\n<p>Pierwsze prace ratownicze przeprowadzono ju\u017c w 1957 roku. Nale\u017ca\u0142y do nich: wymiana zgni\u0142ych i zgrzybia\u0142ych partii drzewnych, szczeg\u00f3lnie w cz\u0119\u015bciach dolnych budynku, odgrzybianie piwnic, kt\u00f3re poddano remontowi kapitalnemu. W salach przeznaczonych na ekspozycj\u0119 wymieniono cz\u0119\u015b\u0107 pod\u0142\u00f3g oraz wszystkie legary, przeprowadzono szarowanie \u015bcian, wybudowano piece i przeprowadzono instalacj\u0119 elektryczn\u0105\u2026.Pomimo finansowania z Ministerstwa Kultury i Sztuki prace przebiega\u0142y bardzo niemrawo. I kiedy w 1960 roku Towarzystwo im Marii Konopnickiej przygotowywa\u0142o uroczyste obchody 50-lecia \u015bmierci Konopnickiej, okaza\u0142o si\u0119, \u017ce post\u0119p remontu i organizacji ekspozycji w Dworku wymaga zdecydowanych i energicznych dzia\u0142a\u0144.<\/p>\n<\/div>\n\n\n\n<div class=\"wp-block-column is-vertically-aligned-center is-layout-flow wp-block-column-is-layout-flow\">\n<figure class=\"wp-block-image size-large\"><img loading=\"lazy\" decoding=\"async\" width=\"1024\" height=\"654\" src=\"http:\/\/duda-dziewierz.pl\/wp-content\/uploads\/2023\/06\/zarnowiec-3-1024x654.jpg\" alt=\"\" class=\"wp-image-535\" srcset=\"http:\/\/duda-dziewierz.pl\/wp-content\/uploads\/2023\/06\/zarnowiec-3-1024x654.jpg 1024w, http:\/\/duda-dziewierz.pl\/wp-content\/uploads\/2023\/06\/zarnowiec-3-300x191.jpg 300w, http:\/\/duda-dziewierz.pl\/wp-content\/uploads\/2023\/06\/zarnowiec-3-768x490.jpg 768w, http:\/\/duda-dziewierz.pl\/wp-content\/uploads\/2023\/06\/zarnowiec-3-1536x980.jpg 1536w, http:\/\/duda-dziewierz.pl\/wp-content\/uploads\/2023\/06\/zarnowiec-3-2048x1307.jpg 2048w, http:\/\/duda-dziewierz.pl\/wp-content\/uploads\/2023\/06\/zarnowiec-3-1568x1001.jpg 1568w\" sizes=\"auto, (max-width: 1024px) 100vw, 1024px\" \/><figcaption class=\"wp-element-caption\">Dworek w \u017barnowcu, fot. W\u0142adys\u0142aw Niepok\u00f3j, ok. 1970 r. <br>z arch. Zdzis\u0142awa \u0141opatkiewicza<\/figcaption><\/figure>\n<\/div>\n<\/div>\n<\/div><\/div><\/div><\/div><\/div>\n\n\n\n<div class=\"wp-block-getwid-section alignfull alignfull getwid-section-content-custom-width\"><div class=\"wp-block-getwid-section__wrapper getwid-padding-left-medium getwid-padding-right-medium\"><div class=\"wp-block-getwid-section__inner-wrapper\" style=\"max-width:1140px\"><div class=\"wp-block-getwid-section__background-holder\"><div class=\"wp-block-getwid-section__background\"><\/div><div class=\"wp-block-getwid-section__foreground\"><\/div><\/div><div class=\"wp-block-getwid-section__content\"><div class=\"wp-block-getwid-section__inner-content\">\n<div class=\"wp-block-columns has-2-columns are-vertically-aligned-center is-layout-flex wp-container-core-columns-is-layout-9d6595d7 wp-block-columns-is-layout-flex\">\n<div class=\"wp-block-column is-vertically-aligned-center is-layout-flow wp-block-column-is-layout-flow\">\n<p>\u201eNajwa\u017cniejszym, najpilniejszym zadaniem by\u0142o przyst\u0105pienie do prac nad rekonstrukcj\u0105 dworku <br>w \u017barnowcu. Sytuacja by\u0142a trudna. Nie mo\u017cna by\u0142o liczy\u0107 na w\u0142adze wojew\u00f3dzkie w Rzeszowie, by sk\u0142oni\u0142y pa\u0144stwowych wykonawc\u00f3w do \u017cmudnych <br>i nietypowych, a jednocze\u015bnie pilnych rob\u00f3t w \u017barnowcu. Nieocenion\u0105 pomoc okaza\u0142o SPB poprzez oddzia\u0142 w Rzeszowie oraz \u2026 dyrektor Muzeum <br>w \u0141a\u0144cucie \u2013 Antoni Duda-Dziewierz. [\u2026] ma\u0142o znany jest fakt i\u017c w\u0142a\u015bnie Duda-Dziewierz zorganizowa\u0142 <br>i dopilnowa\u0142 rekonstrukcji dworku w \u017barnowcu\u201d (Szwalbe S., \u201e\u015awiadectwo czasu\u201d 1988).<\/p>\n\n\n\n<p>W rozdziale zawarto informacje o efektach prowadzonych prac, o wyposa\u017ceniu dworku <br>i pocz\u0105tkach jego dzia\u0142alno\u015bci muzealnej.<\/p>\n<\/div>\n\n\n\n<div class=\"wp-block-column is-vertically-aligned-center is-layout-flow wp-block-column-is-layout-flow\">\n<figure class=\"wp-block-image size-large\"><img loading=\"lazy\" decoding=\"async\" width=\"1024\" height=\"721\" src=\"http:\/\/duda-dziewierz.pl\/wp-content\/uploads\/2023\/06\/zarnowiec-1-ret-1024x721.jpg\" alt=\"\" class=\"wp-image-534\" srcset=\"http:\/\/duda-dziewierz.pl\/wp-content\/uploads\/2023\/06\/zarnowiec-1-ret-1024x721.jpg 1024w, http:\/\/duda-dziewierz.pl\/wp-content\/uploads\/2023\/06\/zarnowiec-1-ret-300x211.jpg 300w, http:\/\/duda-dziewierz.pl\/wp-content\/uploads\/2023\/06\/zarnowiec-1-ret-768x541.jpg 768w, http:\/\/duda-dziewierz.pl\/wp-content\/uploads\/2023\/06\/zarnowiec-1-ret-1536x1081.jpg 1536w, http:\/\/duda-dziewierz.pl\/wp-content\/uploads\/2023\/06\/zarnowiec-1-ret-2048x1441.jpg 2048w, http:\/\/duda-dziewierz.pl\/wp-content\/uploads\/2023\/06\/zarnowiec-1-ret-1568x1104.jpg 1568w\" sizes=\"auto, (max-width: 1024px) 100vw, 1024px\" \/><figcaption class=\"wp-element-caption\">Dworek w \u017barnowcu, fot. W\u0142adys\u0142aw Niepok\u00f3j ok. 1970 r. <br>z arch. Zdzis\u0142awa \u0141opatkiewicza<\/figcaption><\/figure>\n<\/div>\n<\/div>\n<\/div><\/div><\/div><\/div><\/div>\n","protected":false},"excerpt":{"rendered":"<p>Maria Konopnicka otrzyma\u0142a dworek w darze od spo\u0142ecze\u0144stwa polskiego w 1903 roku, z okazji jubileuszu 25-lecia jej pracy literackiej i 60-tych urodzin. By\u0142 to budynek w przewa\u017caj\u0105cej cz\u0119\u015bci drewniany, kryty gontem z niewysokim poddaszem i dwiema werandami. Posiada\u0142 8 pomieszcze\u0144 na parterze i dwa na pi\u0119trze. Ca\u0142a posiad\u0142o\u015b\u0107 mia\u0142a w\u00f3wczas 3 ha powierzchni. Konopnicka sp\u0119dzi\u0142a&hellip; <a class=\"more-link\" href=\"http:\/\/duda-dziewierz.pl\/?page_id=532\">Czytaj dalej <span class=\"screen-reader-text\">Dworek w \u017barnowcu<\/span><\/a><\/p>\n","protected":false},"author":1,"featured_media":0,"parent":0,"menu_order":0,"comment_status":"closed","ping_status":"closed","template":"","meta":{"footnotes":""},"class_list":["post-532","page","type-page","status-publish","hentry","entry"],"yoast_head":"<!-- This site is optimized with the Yoast SEO plugin v21.6 - https:\/\/yoast.com\/wordpress\/plugins\/seo\/ -->\n<title>Dworek w \u017barnowcu - Antoni Duda-Dziewierz<\/title>\n<meta name=\"description\" content=\"Dworek w \u017barnowcu zosta\u0142 wyremontowany w latach 1958-1960 ze \u015brodk\u00f3w zdobytych przez Antoniego Dud\u0119-Dziewierza\" \/>\n<meta name=\"robots\" content=\"index, follow, max-snippet:-1, max-image-preview:large, max-video-preview:-1\" \/>\n<link rel=\"canonical\" href=\"http:\/\/duda-dziewierz.pl\/?page_id=532\" \/>\n<meta property=\"og:locale\" content=\"pl_PL\" \/>\n<meta property=\"og:type\" content=\"article\" \/>\n<meta property=\"og:title\" content=\"Dworek w \u017barnowcu - Antoni Duda-Dziewierz\" \/>\n<meta property=\"og:description\" content=\"Dworek w \u017barnowcu zosta\u0142 wyremontowany w latach 1958-1960 ze \u015brodk\u00f3w zdobytych przez Antoniego Dud\u0119-Dziewierza\" \/>\n<meta property=\"og:url\" content=\"http:\/\/duda-dziewierz.pl\/?page_id=532\" \/>\n<meta property=\"og:site_name\" content=\"Antoni Duda-Dziewierz\" \/>\n<meta property=\"article:modified_time\" content=\"2023-12-01T17:48:05+00:00\" \/>\n<meta property=\"og:image\" content=\"http:\/\/duda-dziewierz.pl\/wp-content\/uploads\/2023\/06\/zarnowiec-3-1024x654.jpg\" \/>\n<meta name=\"twitter:card\" content=\"summary_large_image\" \/>\n<meta name=\"twitter:label1\" content=\"Szacowany czas czytania\" \/>\n\t<meta name=\"twitter:data1\" content=\"3 minuty\" \/>\n<script type=\"application\/ld+json\" class=\"yoast-schema-graph\">{\"@context\":\"https:\/\/schema.org\",\"@graph\":[{\"@type\":\"WebPage\",\"@id\":\"http:\/\/duda-dziewierz.pl\/?page_id=532\",\"url\":\"http:\/\/duda-dziewierz.pl\/?page_id=532\",\"name\":\"Dworek w \u017barnowcu - Antoni Duda-Dziewierz\",\"isPartOf\":{\"@id\":\"http:\/\/duda-dziewierz.pl\/#website\"},\"datePublished\":\"2023-06-05T10:40:50+00:00\",\"dateModified\":\"2023-12-01T17:48:05+00:00\",\"description\":\"Dworek w \u017barnowcu zosta\u0142 wyremontowany w latach 1958-1960 ze \u015brodk\u00f3w zdobytych przez Antoniego Dud\u0119-Dziewierza\",\"breadcrumb\":{\"@id\":\"http:\/\/duda-dziewierz.pl\/?page_id=532#breadcrumb\"},\"inLanguage\":\"pl-PL\",\"potentialAction\":[{\"@type\":\"ReadAction\",\"target\":[\"http:\/\/duda-dziewierz.pl\/?page_id=532\"]}]},{\"@type\":\"BreadcrumbList\",\"@id\":\"http:\/\/duda-dziewierz.pl\/?page_id=532#breadcrumb\",\"itemListElement\":[{\"@type\":\"ListItem\",\"position\":1,\"name\":\"Home\",\"item\":\"http:\/\/duda-dziewierz.pl\/\"},{\"@type\":\"ListItem\",\"position\":2,\"name\":\"Dworek w \u017barnowcu\"}]},{\"@type\":\"WebSite\",\"@id\":\"http:\/\/duda-dziewierz.pl\/#website\",\"url\":\"http:\/\/duda-dziewierz.pl\/\",\"name\":\"Antoni Duda-Dziewierz\",\"description\":\"\u017cycie i dzia\u0142anie w trudnych czasach\",\"alternateName\":\"Duda-Dziewierz\",\"potentialAction\":[{\"@type\":\"SearchAction\",\"target\":{\"@type\":\"EntryPoint\",\"urlTemplate\":\"http:\/\/duda-dziewierz.pl\/?s={search_term_string}\"},\"query-input\":\"required name=search_term_string\"}],\"inLanguage\":\"pl-PL\"}]}<\/script>\n<!-- \/ Yoast SEO plugin. -->","yoast_head_json":{"title":"Dworek w \u017barnowcu - Antoni Duda-Dziewierz","description":"Dworek w \u017barnowcu zosta\u0142 wyremontowany w latach 1958-1960 ze \u015brodk\u00f3w zdobytych przez Antoniego Dud\u0119-Dziewierza","robots":{"index":"index","follow":"follow","max-snippet":"max-snippet:-1","max-image-preview":"max-image-preview:large","max-video-preview":"max-video-preview:-1"},"canonical":"http:\/\/duda-dziewierz.pl\/?page_id=532","og_locale":"pl_PL","og_type":"article","og_title":"Dworek w \u017barnowcu - Antoni Duda-Dziewierz","og_description":"Dworek w \u017barnowcu zosta\u0142 wyremontowany w latach 1958-1960 ze \u015brodk\u00f3w zdobytych przez Antoniego Dud\u0119-Dziewierza","og_url":"http:\/\/duda-dziewierz.pl\/?page_id=532","og_site_name":"Antoni Duda-Dziewierz","article_modified_time":"2023-12-01T17:48:05+00:00","og_image":[{"url":"http:\/\/duda-dziewierz.pl\/wp-content\/uploads\/2023\/06\/zarnowiec-3-1024x654.jpg"}],"twitter_card":"summary_large_image","twitter_misc":{"Szacowany czas czytania":"3 minuty"},"schema":{"@context":"https:\/\/schema.org","@graph":[{"@type":"WebPage","@id":"http:\/\/duda-dziewierz.pl\/?page_id=532","url":"http:\/\/duda-dziewierz.pl\/?page_id=532","name":"Dworek w \u017barnowcu - Antoni Duda-Dziewierz","isPartOf":{"@id":"http:\/\/duda-dziewierz.pl\/#website"},"datePublished":"2023-06-05T10:40:50+00:00","dateModified":"2023-12-01T17:48:05+00:00","description":"Dworek w \u017barnowcu zosta\u0142 wyremontowany w latach 1958-1960 ze \u015brodk\u00f3w zdobytych przez Antoniego Dud\u0119-Dziewierza","breadcrumb":{"@id":"http:\/\/duda-dziewierz.pl\/?page_id=532#breadcrumb"},"inLanguage":"pl-PL","potentialAction":[{"@type":"ReadAction","target":["http:\/\/duda-dziewierz.pl\/?page_id=532"]}]},{"@type":"BreadcrumbList","@id":"http:\/\/duda-dziewierz.pl\/?page_id=532#breadcrumb","itemListElement":[{"@type":"ListItem","position":1,"name":"Home","item":"http:\/\/duda-dziewierz.pl\/"},{"@type":"ListItem","position":2,"name":"Dworek w \u017barnowcu"}]},{"@type":"WebSite","@id":"http:\/\/duda-dziewierz.pl\/#website","url":"http:\/\/duda-dziewierz.pl\/","name":"Antoni Duda-Dziewierz","description":"\u017cycie i dzia\u0142anie w trudnych czasach","alternateName":"Duda-Dziewierz","potentialAction":[{"@type":"SearchAction","target":{"@type":"EntryPoint","urlTemplate":"http:\/\/duda-dziewierz.pl\/?s={search_term_string}"},"query-input":"required name=search_term_string"}],"inLanguage":"pl-PL"}]}},"_links":{"self":[{"href":"http:\/\/duda-dziewierz.pl\/index.php?rest_route=\/wp\/v2\/pages\/532","targetHints":{"allow":["GET"]}}],"collection":[{"href":"http:\/\/duda-dziewierz.pl\/index.php?rest_route=\/wp\/v2\/pages"}],"about":[{"href":"http:\/\/duda-dziewierz.pl\/index.php?rest_route=\/wp\/v2\/types\/page"}],"author":[{"embeddable":true,"href":"http:\/\/duda-dziewierz.pl\/index.php?rest_route=\/wp\/v2\/users\/1"}],"replies":[{"embeddable":true,"href":"http:\/\/duda-dziewierz.pl\/index.php?rest_route=%2Fwp%2Fv2%2Fcomments&post=532"}],"version-history":[{"count":3,"href":"http:\/\/duda-dziewierz.pl\/index.php?rest_route=\/wp\/v2\/pages\/532\/revisions"}],"predecessor-version":[{"id":608,"href":"http:\/\/duda-dziewierz.pl\/index.php?rest_route=\/wp\/v2\/pages\/532\/revisions\/608"}],"wp:attachment":[{"href":"http:\/\/duda-dziewierz.pl\/index.php?rest_route=%2Fwp%2Fv2%2Fmedia&parent=532"}],"curies":[{"name":"wp","href":"https:\/\/api.w.org\/{rel}","templated":true}]}}