{"id":524,"date":"2023-06-05T12:33:02","date_gmt":"2023-06-05T10:33:02","guid":{"rendered":"http:\/\/duda-dziewierz.pl\/?page_id=524"},"modified":"2023-12-01T22:35:38","modified_gmt":"2023-12-01T21:35:38","slug":"rezydencja-w-przeworsku","status":"publish","type":"page","link":"http:\/\/duda-dziewierz.pl\/?page_id=524","title":{"rendered":"Rezydencja w Przeworsku"},"content":{"rendered":"\n<p>Przed II wojn\u0105 \u015bwiatow\u0105 w pa\u0142acu w Przeworsku mie\u015bci\u0142a si\u0119 zgromadzona przez Lubomirskich kolekcja sztuki, kt\u00f3ra obejmowa\u0142a rze\u017aby, rzemios\u0142o artystyczne, zegary, wyroby z metali i porcelany, meble (g\u0142\u00f3wnie empirowe), obrazy i grafiki. Przedstawiaj\u0105ca znaczn\u0105 warto\u015b\u0107 biblioteka liczy\u0142a oko\u0142o 24 tys. wolumin\u00f3w. W czasie wojny pa\u0142ac ocala\u0142, lecz zbiory uleg\u0142y grabie\u017cy i rozproszeniu.<\/p>\n\n\n\n<p>Funkcjonowanie powsta\u0142ej tu\u017c po wojnie w Przeworskim pa\u0142acu Sk\u0142adnicy Muzealnej, by\u0142o kr\u00f3tkotrwa\u0142e, a w efekcie jej likwidacji <br>w maju 1948 r. zbiory rozdzielono pomi\u0119dzy liczne muzea (by\u0142o w\u015br\u00f3d nich Muzeum w \u0141a\u0144cucie). W opuszczonym budynku Sk\u0142adnicy przez kolejne lata mie\u015bci\u0142y si\u0119 mieszkania prywatne oraz ulokowane by\u0142y r\u00f3\u017cne instytucje, jak biblioteka, przedszkole, bank, szwalnia. Wobec bierno\u015bci zarz\u0105dc\u00f3w miasta i powiatu mieszka\u0144cy sami przyst\u0105pili do organizowania miejskiego muzeum, kt\u00f3re otwarto w styczniu 1958 roku i w kolejnych latach umieszczono <br>w ratuszu.<\/p>\n\n\n\n<div class=\"wp-block-getwid-section alignfull alignfull getwid-section-content-custom-width\"><div class=\"wp-block-getwid-section__wrapper getwid-padding-left-medium getwid-padding-right-medium\"><div class=\"wp-block-getwid-section__inner-wrapper\" style=\"max-width:1140px\"><div class=\"wp-block-getwid-section__background-holder\"><div class=\"wp-block-getwid-section__background\"><\/div><div class=\"wp-block-getwid-section__foreground\"><\/div><\/div><div class=\"wp-block-getwid-section__content\"><div class=\"wp-block-getwid-section__inner-content\">\n<div class=\"wp-block-columns has-2-columns are-vertically-aligned-center is-layout-flex wp-container-core-columns-is-layout-9d6595d7 wp-block-columns-is-layout-flex\">\n<div class=\"wp-block-column is-vertically-aligned-center is-layout-flow wp-block-column-is-layout-flow\">\n<p>Decyzja o utworzeniu muzeum w dawnym Pa\u0142acu Lubomirskich zapad\u0142a w 1969 r. Uchwa\u0142\u0105 Prezydium WRN w Rzeszowie, 14 lutego 1971 r. powo\u0142ano <br>w Przeworsku oddzia\u0142 Muzeum &#8211; Zamku w \u0141a\u0144cucie <br>i rozpocz\u0119to prace remontowe. \u201eNie wiadomo jak zosta\u0142 w to wprz\u0119gni\u0119ty pan dyrektor. Jednak sta\u0142o si\u0119 to faktem i w powiatowej Radzie Narodowej w Przeworsku wielokrotnie prowadzili\u015bmy rozmowy na temat przysz\u0142o\u015bci zabytku\u201d \u2013 wspomina Jerzy \u017burawski, \u00f3wczesny kustosz Muzeum-Zamku w \u0141a\u0144cucie.<\/p>\n\n\n\n<p>O losach tego projektu, o remoncie i wyposa\u017ceniu przeworskiego muzeum pisz\u0119 w tym rozdziale.<\/p>\n<\/div>\n\n\n\n<div class=\"wp-block-column is-vertically-aligned-center is-layout-flow wp-block-column-is-layout-flow\">\n<figure class=\"wp-block-image size-large\"><img loading=\"lazy\" decoding=\"async\" width=\"1024\" height=\"735\" src=\"http:\/\/duda-dziewierz.pl\/wp-content\/uploads\/2023\/06\/Przeworsk-1024x735.jpg\" alt=\"\" class=\"wp-image-527\" srcset=\"http:\/\/duda-dziewierz.pl\/wp-content\/uploads\/2023\/06\/Przeworsk-1024x735.jpg 1024w, http:\/\/duda-dziewierz.pl\/wp-content\/uploads\/2023\/06\/Przeworsk-300x215.jpg 300w, http:\/\/duda-dziewierz.pl\/wp-content\/uploads\/2023\/06\/Przeworsk-768x551.jpg 768w, http:\/\/duda-dziewierz.pl\/wp-content\/uploads\/2023\/06\/Przeworsk-1536x1103.jpg 1536w, http:\/\/duda-dziewierz.pl\/wp-content\/uploads\/2023\/06\/Przeworsk-2048x1470.jpg 2048w, http:\/\/duda-dziewierz.pl\/wp-content\/uploads\/2023\/06\/Przeworsk-1568x1126.jpg 1568w\" sizes=\"auto, (max-width: 1024px) 100vw, 1024px\" \/><figcaption class=\"wp-element-caption\">Pa\u0142ac w Przeworsku, fot. Jerzy \u017burawski 1971 r. <br>z arch. Muzeum w Przeworsku<\/figcaption><\/figure>\n<\/div>\n<\/div>\n<\/div><\/div><\/div><\/div><\/div>\n","protected":false},"excerpt":{"rendered":"<p>Przed II wojn\u0105 \u015bwiatow\u0105 w pa\u0142acu w Przeworsku mie\u015bci\u0142a si\u0119 zgromadzona przez Lubomirskich kolekcja sztuki, kt\u00f3ra obejmowa\u0142a rze\u017aby, rzemios\u0142o artystyczne, zegary, wyroby z metali i porcelany, meble (g\u0142\u00f3wnie empirowe), obrazy i grafiki. Przedstawiaj\u0105ca znaczn\u0105 warto\u015b\u0107 biblioteka liczy\u0142a oko\u0142o 24 tys. wolumin\u00f3w. W czasie wojny pa\u0142ac ocala\u0142, lecz zbiory uleg\u0142y grabie\u017cy i rozproszeniu. Funkcjonowanie powsta\u0142ej tu\u017c&hellip; <a class=\"more-link\" href=\"http:\/\/duda-dziewierz.pl\/?page_id=524\">Czytaj dalej <span class=\"screen-reader-text\">Rezydencja w Przeworsku<\/span><\/a><\/p>\n","protected":false},"author":1,"featured_media":0,"parent":0,"menu_order":0,"comment_status":"closed","ping_status":"closed","template":"","meta":{"footnotes":""},"class_list":["post-524","page","type-page","status-publish","hentry","entry"],"yoast_head":"<!-- This site is optimized with the Yoast SEO plugin v21.6 - https:\/\/yoast.com\/wordpress\/plugins\/seo\/ -->\n<title>Rezydencja w Przeworsku - Antoni Duda-Dziewierz<\/title>\n<meta name=\"description\" content=\"Muzeum w Przeworsku-1969 jako oddzia\u0142 Muzeum-Zamku w \u0141a\u0144cucie, rozpocz\u0119cie prac remontowych, zabezpieczenie wyposa\u017cenia; losy ambitnego projektu.\" \/>\n<meta name=\"robots\" content=\"index, follow, max-snippet:-1, max-image-preview:large, max-video-preview:-1\" \/>\n<link rel=\"canonical\" href=\"http:\/\/duda-dziewierz.pl\/?page_id=524\" \/>\n<meta property=\"og:locale\" content=\"pl_PL\" \/>\n<meta property=\"og:type\" content=\"article\" \/>\n<meta property=\"og:title\" content=\"Rezydencja w Przeworsku - Antoni Duda-Dziewierz\" \/>\n<meta property=\"og:description\" content=\"Muzeum w Przeworsku-1969 jako oddzia\u0142 Muzeum-Zamku w \u0141a\u0144cucie, rozpocz\u0119cie prac remontowych, zabezpieczenie wyposa\u017cenia; losy ambitnego projektu.\" \/>\n<meta property=\"og:url\" content=\"http:\/\/duda-dziewierz.pl\/?page_id=524\" \/>\n<meta property=\"og:site_name\" content=\"Antoni Duda-Dziewierz\" \/>\n<meta property=\"article:modified_time\" content=\"2023-12-01T21:35:38+00:00\" \/>\n<meta property=\"og:image\" content=\"http:\/\/duda-dziewierz.pl\/wp-content\/uploads\/2023\/06\/Przeworsk-1024x735.jpg\" \/>\n<meta name=\"twitter:card\" content=\"summary_large_image\" \/>\n<meta name=\"twitter:label1\" content=\"Szacowany czas czytania\" \/>\n\t<meta name=\"twitter:data1\" content=\"2 minuty\" \/>\n<script type=\"application\/ld+json\" class=\"yoast-schema-graph\">{\"@context\":\"https:\/\/schema.org\",\"@graph\":[{\"@type\":\"WebPage\",\"@id\":\"http:\/\/duda-dziewierz.pl\/?page_id=524\",\"url\":\"http:\/\/duda-dziewierz.pl\/?page_id=524\",\"name\":\"Rezydencja w Przeworsku - Antoni Duda-Dziewierz\",\"isPartOf\":{\"@id\":\"http:\/\/duda-dziewierz.pl\/#website\"},\"datePublished\":\"2023-06-05T10:33:02+00:00\",\"dateModified\":\"2023-12-01T21:35:38+00:00\",\"description\":\"Muzeum w Przeworsku-1969 jako oddzia\u0142 Muzeum-Zamku w \u0141a\u0144cucie, rozpocz\u0119cie prac remontowych, zabezpieczenie wyposa\u017cenia; losy ambitnego projektu.\",\"breadcrumb\":{\"@id\":\"http:\/\/duda-dziewierz.pl\/?page_id=524#breadcrumb\"},\"inLanguage\":\"pl-PL\",\"potentialAction\":[{\"@type\":\"ReadAction\",\"target\":[\"http:\/\/duda-dziewierz.pl\/?page_id=524\"]}]},{\"@type\":\"BreadcrumbList\",\"@id\":\"http:\/\/duda-dziewierz.pl\/?page_id=524#breadcrumb\",\"itemListElement\":[{\"@type\":\"ListItem\",\"position\":1,\"name\":\"Home\",\"item\":\"http:\/\/duda-dziewierz.pl\/\"},{\"@type\":\"ListItem\",\"position\":2,\"name\":\"Rezydencja w Przeworsku\"}]},{\"@type\":\"WebSite\",\"@id\":\"http:\/\/duda-dziewierz.pl\/#website\",\"url\":\"http:\/\/duda-dziewierz.pl\/\",\"name\":\"Antoni Duda-Dziewierz\",\"description\":\"\u017cycie i dzia\u0142anie w trudnych czasach\",\"alternateName\":\"Duda-Dziewierz\",\"potentialAction\":[{\"@type\":\"SearchAction\",\"target\":{\"@type\":\"EntryPoint\",\"urlTemplate\":\"http:\/\/duda-dziewierz.pl\/?s={search_term_string}\"},\"query-input\":\"required name=search_term_string\"}],\"inLanguage\":\"pl-PL\"}]}<\/script>\n<!-- \/ Yoast SEO plugin. -->","yoast_head_json":{"title":"Rezydencja w Przeworsku - Antoni Duda-Dziewierz","description":"Muzeum w Przeworsku-1969 jako oddzia\u0142 Muzeum-Zamku w \u0141a\u0144cucie, rozpocz\u0119cie prac remontowych, zabezpieczenie wyposa\u017cenia; losy ambitnego projektu.","robots":{"index":"index","follow":"follow","max-snippet":"max-snippet:-1","max-image-preview":"max-image-preview:large","max-video-preview":"max-video-preview:-1"},"canonical":"http:\/\/duda-dziewierz.pl\/?page_id=524","og_locale":"pl_PL","og_type":"article","og_title":"Rezydencja w Przeworsku - Antoni Duda-Dziewierz","og_description":"Muzeum w Przeworsku-1969 jako oddzia\u0142 Muzeum-Zamku w \u0141a\u0144cucie, rozpocz\u0119cie prac remontowych, zabezpieczenie wyposa\u017cenia; losy ambitnego projektu.","og_url":"http:\/\/duda-dziewierz.pl\/?page_id=524","og_site_name":"Antoni Duda-Dziewierz","article_modified_time":"2023-12-01T21:35:38+00:00","og_image":[{"url":"http:\/\/duda-dziewierz.pl\/wp-content\/uploads\/2023\/06\/Przeworsk-1024x735.jpg"}],"twitter_card":"summary_large_image","twitter_misc":{"Szacowany czas czytania":"2 minuty"},"schema":{"@context":"https:\/\/schema.org","@graph":[{"@type":"WebPage","@id":"http:\/\/duda-dziewierz.pl\/?page_id=524","url":"http:\/\/duda-dziewierz.pl\/?page_id=524","name":"Rezydencja w Przeworsku - Antoni Duda-Dziewierz","isPartOf":{"@id":"http:\/\/duda-dziewierz.pl\/#website"},"datePublished":"2023-06-05T10:33:02+00:00","dateModified":"2023-12-01T21:35:38+00:00","description":"Muzeum w Przeworsku-1969 jako oddzia\u0142 Muzeum-Zamku w \u0141a\u0144cucie, rozpocz\u0119cie prac remontowych, zabezpieczenie wyposa\u017cenia; losy ambitnego projektu.","breadcrumb":{"@id":"http:\/\/duda-dziewierz.pl\/?page_id=524#breadcrumb"},"inLanguage":"pl-PL","potentialAction":[{"@type":"ReadAction","target":["http:\/\/duda-dziewierz.pl\/?page_id=524"]}]},{"@type":"BreadcrumbList","@id":"http:\/\/duda-dziewierz.pl\/?page_id=524#breadcrumb","itemListElement":[{"@type":"ListItem","position":1,"name":"Home","item":"http:\/\/duda-dziewierz.pl\/"},{"@type":"ListItem","position":2,"name":"Rezydencja w Przeworsku"}]},{"@type":"WebSite","@id":"http:\/\/duda-dziewierz.pl\/#website","url":"http:\/\/duda-dziewierz.pl\/","name":"Antoni Duda-Dziewierz","description":"\u017cycie i dzia\u0142anie w trudnych czasach","alternateName":"Duda-Dziewierz","potentialAction":[{"@type":"SearchAction","target":{"@type":"EntryPoint","urlTemplate":"http:\/\/duda-dziewierz.pl\/?s={search_term_string}"},"query-input":"required name=search_term_string"}],"inLanguage":"pl-PL"}]}},"_links":{"self":[{"href":"http:\/\/duda-dziewierz.pl\/index.php?rest_route=\/wp\/v2\/pages\/524","targetHints":{"allow":["GET"]}}],"collection":[{"href":"http:\/\/duda-dziewierz.pl\/index.php?rest_route=\/wp\/v2\/pages"}],"about":[{"href":"http:\/\/duda-dziewierz.pl\/index.php?rest_route=\/wp\/v2\/types\/page"}],"author":[{"embeddable":true,"href":"http:\/\/duda-dziewierz.pl\/index.php?rest_route=\/wp\/v2\/users\/1"}],"replies":[{"embeddable":true,"href":"http:\/\/duda-dziewierz.pl\/index.php?rest_route=%2Fwp%2Fv2%2Fcomments&post=524"}],"version-history":[{"count":2,"href":"http:\/\/duda-dziewierz.pl\/index.php?rest_route=\/wp\/v2\/pages\/524\/revisions"}],"predecessor-version":[{"id":643,"href":"http:\/\/duda-dziewierz.pl\/index.php?rest_route=\/wp\/v2\/pages\/524\/revisions\/643"}],"wp:attachment":[{"href":"http:\/\/duda-dziewierz.pl\/index.php?rest_route=%2Fwp%2Fv2%2Fmedia&parent=524"}],"curies":[{"name":"wp","href":"https:\/\/api.w.org\/{rel}","templated":true}]}}