{"id":486,"date":"2023-06-05T00:20:59","date_gmt":"2023-06-04T22:20:59","guid":{"rendered":"http:\/\/duda-dziewierz.pl\/?page_id=486"},"modified":"2023-12-01T23:22:10","modified_gmt":"2023-12-01T22:22:10","slug":"zwiedzanie-i-oprowadzanie","status":"publish","type":"page","link":"http:\/\/duda-dziewierz.pl\/?page_id=486","title":{"rendered":"Zwiedzanie i oprowadzanie"},"content":{"rendered":"\n<p>\u201eTajemnica popularno\u015bci Muzeum-Zamku w \u0141a\u0144cucie le\u017cy <br>w autentyzmie wn\u0119trz i ich otoczenia, kt\u00f3re jak czarodziejski dywan przenosz\u0105 widza w odleg\u0142e epoki historyczne, a swym urokiem <br>i czarem stwarzaj\u0105 iluzj\u0119 odleg\u0142ej, ale namacalnej krainy pe\u0142nego szcz\u0119\u015bcia\u201d (Sapetowa I., Dzieje Muzeum-Zamku w \u0141a\u0144cucie).<\/p>\n\n\n\n<p>\u2026Osobi\u015bcie wspominam t\u0119 niezwyk\u0142\u0105 popularno\u015b\u0107 Muzeum-Zamku <br>z dzieci\u0119cym l\u0119kiem. Okna sypialni Dziadk\u00f3w, kt\u00f3ra mie\u015bci\u0142a si\u0119 na wysokim parterze pod Bibliotek\u0105, wychodzi\u0142y na dziedziniec przed wej\u015bciem g\u0142\u00f3wnym do Muzeum. Pami\u0119tam, \u017ce co rano budzi\u0142 mnie miarowy chrz\u0119st \u017cwiru dochodz\u0105cy z alei g\u0142\u00f3wnej, na kt\u00f3rej gromadzi\u0142y si\u0119 wycieczki. Nie gwar rozm\u00f3w, tylko ten d\u017awi\u0119k powolnego przemarszu grup. Przez okno sypialni wida\u0107 by\u0142o hen, a\u017c za most nad fos\u0105, id\u0105ce powoli, zwarte grupy ludzi, uformowane do\u015b\u0107 regularnie, z zachowanymi pomi\u0119dzy nimi odst\u0119pami. Przypomina\u0142o to troch\u0119 poch\u00f3d 1-majowy, cho\u0107 akcentem kolorystycznym by\u0142y tu nie sztandary i transparenty, ale wspaniale kwitn\u0105ce czerwone r\u00f3\u017ce, posadzone r\u0119k\u0105 pana Antlewicza wzd\u0142u\u017c trasy przemarszu. Na czele ka\u017cdej z grup szed\u0142 przewodnik. Ka\u017cd\u0105 grup\u0119 wita\u0142 w bramie zamkowej pan Sty\u015b i potem znika\u0142a ona <br>w czelu\u015bciach Sieni Zamkowej. Ten obraz, do kt\u00f3rego wszyscy pracownicy doskonale ju\u017c przywykli, ka\u017cdorazowo wzbudza\u0142 moje szczere zdumienie\u2026.<\/p>\n\n\n\n<div class=\"wp-block-getwid-section alignfull alignfull getwid-section-content-custom-width\"><div class=\"wp-block-getwid-section__wrapper getwid-padding-left-medium getwid-padding-right-medium\"><div class=\"wp-block-getwid-section__inner-wrapper\" style=\"max-width:1140px\"><div class=\"wp-block-getwid-section__background-holder\"><div class=\"wp-block-getwid-section__background\"><\/div><div class=\"wp-block-getwid-section__foreground\"><\/div><\/div><div class=\"wp-block-getwid-section__content\"><div class=\"wp-block-getwid-section__inner-content\">\n<div class=\"wp-block-columns has-2-columns are-vertically-aligned-center is-layout-flex wp-container-core-columns-is-layout-9d6595d7 wp-block-columns-is-layout-flex\">\n<div class=\"wp-block-column is-vertically-aligned-center is-layout-flow wp-block-column-is-layout-flow\">\n<p>Z obserwacji os\u00f3b zarz\u0105dzaj\u0105cych sprawami frekwencji muzealnej w latach 60-tych wynika\u0142o, \u017ce najwi\u0119kszym zainteresowaniem ciesz\u0105 si\u0119 muzea wn\u0119trz oraz skanseny.<\/p>\n\n\n\n<p>Po przej\u015bciowym spadku frekwencji, Muzeum w \u0141a\u0144cucie odwiedzi\u0142o w 1960 r. ponad 170 tys. turyst\u00f3w. W kolejnych latach liczba wzrasta\u0142a, by w pocz\u0105tkach lat 70. doj\u015b\u0107 do ponad 300 tys. rocznie.<\/p>\n\n\n\n<p>\u201eW niedziele przeci\u0119tna frekwencja si\u0119ga 3500 zwiedzaj\u0105cych, w dnie powszednie 2000 \u2013 2500 os\u00f3b. Zwiedzanie odbywa si\u0119 systemem ta\u015bmowym \u2013 co 5 minut wyrusza 25-osobowa grupa, prowadzona przez przewodnika. Muzeum zatrudnia obecnie 115 przewodnik\u00f3w wyszkolonych na kursach PTTK.\u201d (Brandys M., K. Dziewanowski, \u201e\u015awiat\u201d Rok XVI, 1966)<\/p>\n<\/div>\n\n\n\n<div class=\"wp-block-column is-vertically-aligned-center is-layout-flow wp-block-column-is-layout-flow\">\n<figure class=\"wp-block-image size-large\"><img loading=\"lazy\" decoding=\"async\" width=\"1024\" height=\"636\" src=\"http:\/\/duda-dziewierz.pl\/wp-content\/uploads\/2023\/06\/wycieczki-1024x636.jpg\" alt=\"\" class=\"wp-image-373\" srcset=\"http:\/\/duda-dziewierz.pl\/wp-content\/uploads\/2023\/06\/wycieczki-1024x636.jpg 1024w, http:\/\/duda-dziewierz.pl\/wp-content\/uploads\/2023\/06\/wycieczki-300x186.jpg 300w, http:\/\/duda-dziewierz.pl\/wp-content\/uploads\/2023\/06\/wycieczki-768x477.jpg 768w, http:\/\/duda-dziewierz.pl\/wp-content\/uploads\/2023\/06\/wycieczki-1536x954.jpg 1536w, http:\/\/duda-dziewierz.pl\/wp-content\/uploads\/2023\/06\/wycieczki-2048x1273.jpg 2048w, http:\/\/duda-dziewierz.pl\/wp-content\/uploads\/2023\/06\/wycieczki-1568x974.jpg 1568w\" sizes=\"auto, (max-width: 1024px) 100vw, 1024px\" \/><figcaption class=\"wp-element-caption\">Liczni zwiedzaj\u0105cy Zamek w \u0141a\u0144cucie w latach 60. <br>fot. z arch. rodzinnego<\/figcaption><\/figure>\n<\/div>\n<\/div>\n<\/div><\/div><\/div><\/div><\/div>\n\n\n\n<div class=\"wp-block-getwid-section alignfull alignfull getwid-section-content-custom-width\"><div class=\"wp-block-getwid-section__wrapper getwid-padding-left-medium getwid-padding-right-medium\"><div class=\"wp-block-getwid-section__inner-wrapper\" style=\"max-width:1140px\"><div class=\"wp-block-getwid-section__background-holder\"><div class=\"wp-block-getwid-section__background\"><\/div><div class=\"wp-block-getwid-section__foreground\"><\/div><\/div><div class=\"wp-block-getwid-section__content\"><div class=\"wp-block-getwid-section__inner-content\">\n<div class=\"wp-block-columns has-2-columns are-vertically-aligned-center is-layout-flex wp-container-core-columns-is-layout-9d6595d7 wp-block-columns-is-layout-flex\">\n<div class=\"wp-block-column is-vertically-aligned-center is-layout-flow wp-block-column-is-layout-flow\">\n<p>O popularno\u015bci Muzeum w \u0141a\u0144cucie, organizacji zwiedzania, perypetiach zwi\u0105zanych z nadmiarowym nap\u0142ywem turyst\u00f3w, a tak\u017ce o kluczowych go\u015bciach tamtego okresu historycznego napisano w tym rozdziale. S\u0105 w nim opisy wizyty tow. Chruszczowa, premiera Cyrankiewicza. Wspomniano o odwiedzinach przedstawicieli rodu Potockich oraz czo\u0142owych reprezentant\u00f3w \u015bwiata kultury i sztuki. <\/p>\n<\/div>\n\n\n\n<div class=\"wp-block-column is-vertically-aligned-center is-layout-flow wp-block-column-is-layout-flow\">\n<figure class=\"wp-block-image size-large\"><img loading=\"lazy\" decoding=\"async\" width=\"1024\" height=\"670\" src=\"http:\/\/duda-dziewierz.pl\/wp-content\/uploads\/2023\/06\/Chruszczow-popr-1959-1024x670.jpg\" alt=\"\" class=\"wp-image-487\" srcset=\"http:\/\/duda-dziewierz.pl\/wp-content\/uploads\/2023\/06\/Chruszczow-popr-1959-1024x670.jpg 1024w, http:\/\/duda-dziewierz.pl\/wp-content\/uploads\/2023\/06\/Chruszczow-popr-1959-300x196.jpg 300w, http:\/\/duda-dziewierz.pl\/wp-content\/uploads\/2023\/06\/Chruszczow-popr-1959-768x502.jpg 768w, http:\/\/duda-dziewierz.pl\/wp-content\/uploads\/2023\/06\/Chruszczow-popr-1959-1536x1004.jpg 1536w, http:\/\/duda-dziewierz.pl\/wp-content\/uploads\/2023\/06\/Chruszczow-popr-1959-1568x1025.jpg 1568w, http:\/\/duda-dziewierz.pl\/wp-content\/uploads\/2023\/06\/Chruszczow-popr-1959.jpg 1731w\" sizes=\"auto, (max-width: 1024px) 100vw, 1024px\" \/><\/figure>\n<\/div>\n<\/div>\n<\/div><\/div><\/div><\/div><\/div>\n","protected":false},"excerpt":{"rendered":"<p>\u201eTajemnica popularno\u015bci Muzeum-Zamku w \u0141a\u0144cucie le\u017cy w autentyzmie wn\u0119trz i ich otoczenia, kt\u00f3re jak czarodziejski dywan przenosz\u0105 widza w odleg\u0142e epoki historyczne, a swym urokiem i czarem stwarzaj\u0105 iluzj\u0119 odleg\u0142ej, ale namacalnej krainy pe\u0142nego szcz\u0119\u015bcia\u201d (Sapetowa I., Dzieje Muzeum-Zamku w \u0141a\u0144cucie). \u2026Osobi\u015bcie wspominam t\u0119 niezwyk\u0142\u0105 popularno\u015b\u0107 Muzeum-Zamku z dzieci\u0119cym l\u0119kiem. Okna sypialni Dziadk\u00f3w, kt\u00f3ra mie\u015bci\u0142a&hellip; <a class=\"more-link\" href=\"http:\/\/duda-dziewierz.pl\/?page_id=486\">Czytaj dalej <span class=\"screen-reader-text\">Zwiedzanie i oprowadzanie<\/span><\/a><\/p>\n","protected":false},"author":1,"featured_media":0,"parent":0,"menu_order":0,"comment_status":"closed","ping_status":"closed","template":"","meta":{"footnotes":""},"class_list":["post-486","page","type-page","status-publish","hentry","entry"],"yoast_head":"<!-- This site is optimized with the Yoast SEO plugin v21.6 - https:\/\/yoast.com\/wordpress\/plugins\/seo\/ -->\n<title>Zwiedzanie i oprowadzanie - Antoni Duda-Dziewierz<\/title>\n<meta name=\"description\" content=\"Popularno\u015b\u0107 Muzeum w \u0141a\u0144cucie, organizacja zwiedzania systemem ta\u015bmowym, problem nadmiaru turyst\u00f3w - w latach 60-70. ponad 300 tys. rocznie.\" \/>\n<meta name=\"robots\" content=\"index, follow, max-snippet:-1, max-image-preview:large, max-video-preview:-1\" \/>\n<link rel=\"canonical\" href=\"http:\/\/duda-dziewierz.pl\/?page_id=486\" \/>\n<meta property=\"og:locale\" content=\"pl_PL\" \/>\n<meta property=\"og:type\" content=\"article\" \/>\n<meta property=\"og:title\" content=\"Zwiedzanie i oprowadzanie - Antoni Duda-Dziewierz\" \/>\n<meta property=\"og:description\" content=\"Popularno\u015b\u0107 Muzeum w \u0141a\u0144cucie, organizacja zwiedzania systemem ta\u015bmowym, problem nadmiaru turyst\u00f3w - w latach 60-70. ponad 300 tys. rocznie.\" \/>\n<meta property=\"og:url\" content=\"http:\/\/duda-dziewierz.pl\/?page_id=486\" \/>\n<meta property=\"og:site_name\" content=\"Antoni Duda-Dziewierz\" \/>\n<meta property=\"article:modified_time\" content=\"2023-12-01T22:22:10+00:00\" \/>\n<meta property=\"og:image\" content=\"http:\/\/duda-dziewierz.pl\/wp-content\/uploads\/2023\/06\/wycieczki-1024x636.jpg\" \/>\n<meta name=\"twitter:card\" content=\"summary_large_image\" \/>\n<meta name=\"twitter:label1\" content=\"Szacowany czas czytania\" \/>\n\t<meta name=\"twitter:data1\" content=\"3 minuty\" \/>\n<script type=\"application\/ld+json\" class=\"yoast-schema-graph\">{\"@context\":\"https:\/\/schema.org\",\"@graph\":[{\"@type\":\"WebPage\",\"@id\":\"http:\/\/duda-dziewierz.pl\/?page_id=486\",\"url\":\"http:\/\/duda-dziewierz.pl\/?page_id=486\",\"name\":\"Zwiedzanie i oprowadzanie - Antoni Duda-Dziewierz\",\"isPartOf\":{\"@id\":\"http:\/\/duda-dziewierz.pl\/#website\"},\"datePublished\":\"2023-06-04T22:20:59+00:00\",\"dateModified\":\"2023-12-01T22:22:10+00:00\",\"description\":\"Popularno\u015b\u0107 Muzeum w \u0141a\u0144cucie, organizacja zwiedzania systemem ta\u015bmowym, problem nadmiaru turyst\u00f3w - w latach 60-70. ponad 300 tys. rocznie.\",\"breadcrumb\":{\"@id\":\"http:\/\/duda-dziewierz.pl\/?page_id=486#breadcrumb\"},\"inLanguage\":\"pl-PL\",\"potentialAction\":[{\"@type\":\"ReadAction\",\"target\":[\"http:\/\/duda-dziewierz.pl\/?page_id=486\"]}]},{\"@type\":\"BreadcrumbList\",\"@id\":\"http:\/\/duda-dziewierz.pl\/?page_id=486#breadcrumb\",\"itemListElement\":[{\"@type\":\"ListItem\",\"position\":1,\"name\":\"Home\",\"item\":\"http:\/\/duda-dziewierz.pl\/\"},{\"@type\":\"ListItem\",\"position\":2,\"name\":\"Zwiedzanie i oprowadzanie\"}]},{\"@type\":\"WebSite\",\"@id\":\"http:\/\/duda-dziewierz.pl\/#website\",\"url\":\"http:\/\/duda-dziewierz.pl\/\",\"name\":\"Antoni Duda-Dziewierz\",\"description\":\"\u017cycie i dzia\u0142anie w trudnych czasach\",\"alternateName\":\"Duda-Dziewierz\",\"potentialAction\":[{\"@type\":\"SearchAction\",\"target\":{\"@type\":\"EntryPoint\",\"urlTemplate\":\"http:\/\/duda-dziewierz.pl\/?s={search_term_string}\"},\"query-input\":\"required name=search_term_string\"}],\"inLanguage\":\"pl-PL\"}]}<\/script>\n<!-- \/ Yoast SEO plugin. -->","yoast_head_json":{"title":"Zwiedzanie i oprowadzanie - Antoni Duda-Dziewierz","description":"Popularno\u015b\u0107 Muzeum w \u0141a\u0144cucie, organizacja zwiedzania systemem ta\u015bmowym, problem nadmiaru turyst\u00f3w - w latach 60-70. ponad 300 tys. rocznie.","robots":{"index":"index","follow":"follow","max-snippet":"max-snippet:-1","max-image-preview":"max-image-preview:large","max-video-preview":"max-video-preview:-1"},"canonical":"http:\/\/duda-dziewierz.pl\/?page_id=486","og_locale":"pl_PL","og_type":"article","og_title":"Zwiedzanie i oprowadzanie - Antoni Duda-Dziewierz","og_description":"Popularno\u015b\u0107 Muzeum w \u0141a\u0144cucie, organizacja zwiedzania systemem ta\u015bmowym, problem nadmiaru turyst\u00f3w - w latach 60-70. ponad 300 tys. rocznie.","og_url":"http:\/\/duda-dziewierz.pl\/?page_id=486","og_site_name":"Antoni Duda-Dziewierz","article_modified_time":"2023-12-01T22:22:10+00:00","og_image":[{"url":"http:\/\/duda-dziewierz.pl\/wp-content\/uploads\/2023\/06\/wycieczki-1024x636.jpg"}],"twitter_card":"summary_large_image","twitter_misc":{"Szacowany czas czytania":"3 minuty"},"schema":{"@context":"https:\/\/schema.org","@graph":[{"@type":"WebPage","@id":"http:\/\/duda-dziewierz.pl\/?page_id=486","url":"http:\/\/duda-dziewierz.pl\/?page_id=486","name":"Zwiedzanie i oprowadzanie - Antoni Duda-Dziewierz","isPartOf":{"@id":"http:\/\/duda-dziewierz.pl\/#website"},"datePublished":"2023-06-04T22:20:59+00:00","dateModified":"2023-12-01T22:22:10+00:00","description":"Popularno\u015b\u0107 Muzeum w \u0141a\u0144cucie, organizacja zwiedzania systemem ta\u015bmowym, problem nadmiaru turyst\u00f3w - w latach 60-70. ponad 300 tys. rocznie.","breadcrumb":{"@id":"http:\/\/duda-dziewierz.pl\/?page_id=486#breadcrumb"},"inLanguage":"pl-PL","potentialAction":[{"@type":"ReadAction","target":["http:\/\/duda-dziewierz.pl\/?page_id=486"]}]},{"@type":"BreadcrumbList","@id":"http:\/\/duda-dziewierz.pl\/?page_id=486#breadcrumb","itemListElement":[{"@type":"ListItem","position":1,"name":"Home","item":"http:\/\/duda-dziewierz.pl\/"},{"@type":"ListItem","position":2,"name":"Zwiedzanie i oprowadzanie"}]},{"@type":"WebSite","@id":"http:\/\/duda-dziewierz.pl\/#website","url":"http:\/\/duda-dziewierz.pl\/","name":"Antoni Duda-Dziewierz","description":"\u017cycie i dzia\u0142anie w trudnych czasach","alternateName":"Duda-Dziewierz","potentialAction":[{"@type":"SearchAction","target":{"@type":"EntryPoint","urlTemplate":"http:\/\/duda-dziewierz.pl\/?s={search_term_string}"},"query-input":"required name=search_term_string"}],"inLanguage":"pl-PL"}]}},"_links":{"self":[{"href":"http:\/\/duda-dziewierz.pl\/index.php?rest_route=\/wp\/v2\/pages\/486","targetHints":{"allow":["GET"]}}],"collection":[{"href":"http:\/\/duda-dziewierz.pl\/index.php?rest_route=\/wp\/v2\/pages"}],"about":[{"href":"http:\/\/duda-dziewierz.pl\/index.php?rest_route=\/wp\/v2\/types\/page"}],"author":[{"embeddable":true,"href":"http:\/\/duda-dziewierz.pl\/index.php?rest_route=\/wp\/v2\/users\/1"}],"replies":[{"embeddable":true,"href":"http:\/\/duda-dziewierz.pl\/index.php?rest_route=%2Fwp%2Fv2%2Fcomments&post=486"}],"version-history":[{"count":3,"href":"http:\/\/duda-dziewierz.pl\/index.php?rest_route=\/wp\/v2\/pages\/486\/revisions"}],"predecessor-version":[{"id":697,"href":"http:\/\/duda-dziewierz.pl\/index.php?rest_route=\/wp\/v2\/pages\/486\/revisions\/697"}],"wp:attachment":[{"href":"http:\/\/duda-dziewierz.pl\/index.php?rest_route=%2Fwp%2Fv2%2Fmedia&parent=486"}],"curies":[{"name":"wp","href":"https:\/\/api.w.org\/{rel}","templated":true}]}}