{"id":463,"date":"2023-06-04T23:34:49","date_gmt":"2023-06-04T21:34:49","guid":{"rendered":"http:\/\/duda-dziewierz.pl\/?page_id=463"},"modified":"2023-12-01T23:11:59","modified_gmt":"2023-12-01T22:11:59","slug":"zarzadzanie-obiektami-muzealnymi-w-prl","status":"publish","type":"page","link":"http:\/\/duda-dziewierz.pl\/?page_id=463","title":{"rendered":"Zarz\u0105dzanie obiektami muzealnymi w PRL"},"content":{"rendered":"\n<p>Rozdzia\u0142 przybli\u017ca realia prawne funkcjonowania muze\u00f3w w PRL, dotycz\u0105ce ich dzia\u0142alno\u015bci organizacyjnej, konserwatorskiej, naukowej, a tak\u017ce o\u015bwiatowej.<\/p>\n\n\n\n<p>\u201eW 1951 r. zreorganizowano Naczeln\u0105 Dyrekcj\u0119 Muze\u00f3w i Ochrony Zabytk\u00f3w. Powsta\u0142 Pa\u0144stwowy Instytut Sztuki, kt\u00f3remu przekazano Centralne Biuro Inwentaryzacji Zabytk\u00f3w, a w Ministerstwie Kultury <br>i Sztuki utworzono Centralny Zarz\u0105d Muze\u00f3w i Ochrony Zabytk\u00f3w. Dzia\u0142alno\u015b\u0107 o\u015bwiatowa muze\u00f3w uzyska\u0142a ramy prawne ju\u017c w 1952 r., kiedy uchwa\u0142\u0105 Prezydium Rz\u0105du powo\u0142ano muzealn\u0105 s\u0142u\u017cb\u0119 spo\u0142eczno-o\u015bwiatow\u0105, stwarzaj\u0105c dla niej a\u017c 200 nowych etat\u00f3w <br>(w gestii Centralnego Zarz\u0105du Muze\u00f3w i Ochrony Zabytk\u00f3w). Celem by\u0142o zar\u00f3wno profesjonalne oprowadzanie po zbiorach muzealnych jak i organizacja odczyt\u00f3w, spotka\u0144 dyskusyjnych, pokaz\u00f3w, seans\u00f3w filmowych, wystaw objazdowych. Pocz\u0105tkowo skoncentrowano si\u0119 na nawi\u0105zaniu wsp\u00f3\u0142pracy ze szko\u0142ami i zak\u0142adami pracy oraz lokaln\u0105 pras\u0105, dla szerszej popularyzacji muze\u00f3w. W dalszym etapie, na rozwoju potrzeb spo\u0142ecznych \u2013 tworzeniu klub\u00f3w przyjaci\u00f3\u0142 muze\u00f3w, organizacji turniej\u00f3w, olimpiad artystycznych dla m\u0142odzie\u017cy, inscenizacji historycznych, koncert\u00f3w. <\/p>\n\n\n\n<p><\/p>\n\n\n\n<div class=\"wp-block-getwid-section alignfull alignfull getwid-section-content-custom-width\" style=\"margin-top:53px\"><div class=\"wp-block-getwid-section__wrapper getwid-padding-left-medium getwid-padding-right-medium\"><div class=\"wp-block-getwid-section__inner-wrapper\" style=\"max-width:1140px\"><div class=\"wp-block-getwid-section__background-holder\"><div class=\"wp-block-getwid-section__background\"><\/div><div class=\"wp-block-getwid-section__foreground\"><\/div><\/div><div class=\"wp-block-getwid-section__content\"><div class=\"wp-block-getwid-section__inner-content\">\n<div class=\"wp-block-columns has-2-columns are-vertically-aligned-center is-layout-flex wp-container-core-columns-is-layout-9d6595d7 wp-block-columns-is-layout-flex\">\n<div class=\"wp-block-column is-vertically-aligned-center is-layout-flow wp-block-column-is-layout-flow\">\n<p><br>W 1956 r., w zwi\u0105zku z decentralizacj\u0105 administracji pa\u0144stwowej, zmodyfikowano podleg\u0142o\u015b\u0107 muze\u00f3w. <br>Od tej pory bezpo\u015brednio pod Ministerstwo Kultury <br>i Sztuki podlega\u0142y tylko muzea narodowe i muzea <br>o charakterze centralnym, a pozosta\u0142e by\u0142y pod zwierzchnictwem organ\u00f3w terenowych\u201d.<\/p>\n\n\n\n<p>Przedstawiono obowi\u0105zuj\u0105ce w\u00f3wczas zasady post\u0119powania przy podejmowaniu remont\u00f3w <br>i konserwacji obiekt\u00f3w zabytkowych, oraz \u00f3wczesn\u0105 definicj\u0119 zabytku i za\u0142o\u017cenia dotycz\u0105ce prowadzenia prac konserwatorskich.<\/p>\n<\/div>\n\n\n\n<div class=\"wp-block-column is-vertically-aligned-center is-layout-flow wp-block-column-is-layout-flow\">\n<figure class=\"wp-block-image size-large\"><img loading=\"lazy\" decoding=\"async\" width=\"1024\" height=\"601\" src=\"http:\/\/duda-dziewierz.pl\/wp-content\/uploads\/2023\/06\/wydanie-albumu-z-funduszy-WRN-ll-60-1024x601.jpg\" alt=\"\" class=\"wp-image-374\" srcset=\"http:\/\/duda-dziewierz.pl\/wp-content\/uploads\/2023\/06\/wydanie-albumu-z-funduszy-WRN-ll-60-1024x601.jpg 1024w, http:\/\/duda-dziewierz.pl\/wp-content\/uploads\/2023\/06\/wydanie-albumu-z-funduszy-WRN-ll-60-300x176.jpg 300w, http:\/\/duda-dziewierz.pl\/wp-content\/uploads\/2023\/06\/wydanie-albumu-z-funduszy-WRN-ll-60-768x450.jpg 768w, http:\/\/duda-dziewierz.pl\/wp-content\/uploads\/2023\/06\/wydanie-albumu-z-funduszy-WRN-ll-60-1536x901.jpg 1536w, http:\/\/duda-dziewierz.pl\/wp-content\/uploads\/2023\/06\/wydanie-albumu-z-funduszy-WRN-ll-60-2048x1201.jpg 2048w, http:\/\/duda-dziewierz.pl\/wp-content\/uploads\/2023\/06\/wydanie-albumu-z-funduszy-WRN-ll-60-1568x920.jpg 1568w\" sizes=\"auto, (max-width: 1024px) 100vw, 1024px\" \/><figcaption class=\"wp-element-caption\">dyrektor Duda-Dziewierz z pracownikami Wojew\u00f3dzkiej Rady Narodowej w Rzeszowie, lata 60. fot. z arch. rodzinnego<\/figcaption><\/figure>\n<\/div>\n<\/div>\n<\/div><\/div><\/div><\/div><\/div>\n","protected":false},"excerpt":{"rendered":"<p>Rozdzia\u0142 przybli\u017ca realia prawne funkcjonowania muze\u00f3w w PRL, dotycz\u0105ce ich dzia\u0142alno\u015bci organizacyjnej, konserwatorskiej, naukowej, a tak\u017ce o\u015bwiatowej. \u201eW 1951 r. zreorganizowano Naczeln\u0105 Dyrekcj\u0119 Muze\u00f3w i Ochrony Zabytk\u00f3w. Powsta\u0142 Pa\u0144stwowy Instytut Sztuki, kt\u00f3remu przekazano Centralne Biuro Inwentaryzacji Zabytk\u00f3w, a w Ministerstwie Kultury i Sztuki utworzono Centralny Zarz\u0105d Muze\u00f3w i Ochrony Zabytk\u00f3w. Dzia\u0142alno\u015b\u0107 o\u015bwiatowa muze\u00f3w uzyska\u0142a ramy&hellip; <a class=\"more-link\" href=\"http:\/\/duda-dziewierz.pl\/?page_id=463\">Czytaj dalej <span class=\"screen-reader-text\">Zarz\u0105dzanie obiektami muzealnymi w PRL<\/span><\/a><\/p>\n","protected":false},"author":1,"featured_media":0,"parent":0,"menu_order":0,"comment_status":"closed","ping_status":"closed","template":"","meta":{"footnotes":""},"class_list":["post-463","page","type-page","status-publish","hentry","entry"],"yoast_head":"<!-- This site is optimized with the Yoast SEO plugin v21.6 - https:\/\/yoast.com\/wordpress\/plugins\/seo\/ -->\n<title>Zarz\u0105dzanie obiektami muzealnymi w PRL - Antoni Duda-Dziewierz<\/title>\n<meta name=\"description\" content=\"przedstawia realia prawne funkcjonowania muze\u00f3w w PRL, dotycz\u0105ce ich dzia\u0142alno\u015bci organizacyjnej, konserwatorskiej, naukowej, o\u015bwiatowej.\" \/>\n<meta name=\"robots\" content=\"index, follow, max-snippet:-1, max-image-preview:large, max-video-preview:-1\" \/>\n<link rel=\"canonical\" href=\"http:\/\/duda-dziewierz.pl\/?page_id=463\" \/>\n<meta property=\"og:locale\" content=\"pl_PL\" \/>\n<meta property=\"og:type\" content=\"article\" \/>\n<meta property=\"og:title\" content=\"Zarz\u0105dzanie obiektami muzealnymi w PRL - Antoni Duda-Dziewierz\" \/>\n<meta property=\"og:description\" content=\"przedstawia realia prawne funkcjonowania muze\u00f3w w PRL, dotycz\u0105ce ich dzia\u0142alno\u015bci organizacyjnej, konserwatorskiej, naukowej, o\u015bwiatowej.\" \/>\n<meta property=\"og:url\" content=\"http:\/\/duda-dziewierz.pl\/?page_id=463\" \/>\n<meta property=\"og:site_name\" content=\"Antoni Duda-Dziewierz\" \/>\n<meta property=\"article:modified_time\" content=\"2023-12-01T22:11:59+00:00\" \/>\n<meta property=\"og:image\" content=\"http:\/\/duda-dziewierz.pl\/wp-content\/uploads\/2023\/06\/wydanie-albumu-z-funduszy-WRN-ll-60-1024x601.jpg\" \/>\n<meta name=\"twitter:card\" content=\"summary_large_image\" \/>\n<meta name=\"twitter:label1\" content=\"Szacowany czas czytania\" \/>\n\t<meta name=\"twitter:data1\" content=\"2 minuty\" \/>\n<script type=\"application\/ld+json\" class=\"yoast-schema-graph\">{\"@context\":\"https:\/\/schema.org\",\"@graph\":[{\"@type\":\"WebPage\",\"@id\":\"http:\/\/duda-dziewierz.pl\/?page_id=463\",\"url\":\"http:\/\/duda-dziewierz.pl\/?page_id=463\",\"name\":\"Zarz\u0105dzanie obiektami muzealnymi w PRL - Antoni Duda-Dziewierz\",\"isPartOf\":{\"@id\":\"http:\/\/duda-dziewierz.pl\/#website\"},\"datePublished\":\"2023-06-04T21:34:49+00:00\",\"dateModified\":\"2023-12-01T22:11:59+00:00\",\"description\":\"przedstawia realia prawne funkcjonowania muze\u00f3w w PRL, dotycz\u0105ce ich dzia\u0142alno\u015bci organizacyjnej, konserwatorskiej, naukowej, o\u015bwiatowej.\",\"breadcrumb\":{\"@id\":\"http:\/\/duda-dziewierz.pl\/?page_id=463#breadcrumb\"},\"inLanguage\":\"pl-PL\",\"potentialAction\":[{\"@type\":\"ReadAction\",\"target\":[\"http:\/\/duda-dziewierz.pl\/?page_id=463\"]}]},{\"@type\":\"BreadcrumbList\",\"@id\":\"http:\/\/duda-dziewierz.pl\/?page_id=463#breadcrumb\",\"itemListElement\":[{\"@type\":\"ListItem\",\"position\":1,\"name\":\"Home\",\"item\":\"http:\/\/duda-dziewierz.pl\/\"},{\"@type\":\"ListItem\",\"position\":2,\"name\":\"Zarz\u0105dzanie obiektami muzealnymi w PRL\"}]},{\"@type\":\"WebSite\",\"@id\":\"http:\/\/duda-dziewierz.pl\/#website\",\"url\":\"http:\/\/duda-dziewierz.pl\/\",\"name\":\"Antoni Duda-Dziewierz\",\"description\":\"\u017cycie i dzia\u0142anie w trudnych czasach\",\"alternateName\":\"Duda-Dziewierz\",\"potentialAction\":[{\"@type\":\"SearchAction\",\"target\":{\"@type\":\"EntryPoint\",\"urlTemplate\":\"http:\/\/duda-dziewierz.pl\/?s={search_term_string}\"},\"query-input\":\"required name=search_term_string\"}],\"inLanguage\":\"pl-PL\"}]}<\/script>\n<!-- \/ Yoast SEO plugin. -->","yoast_head_json":{"title":"Zarz\u0105dzanie obiektami muzealnymi w PRL - Antoni Duda-Dziewierz","description":"przedstawia realia prawne funkcjonowania muze\u00f3w w PRL, dotycz\u0105ce ich dzia\u0142alno\u015bci organizacyjnej, konserwatorskiej, naukowej, o\u015bwiatowej.","robots":{"index":"index","follow":"follow","max-snippet":"max-snippet:-1","max-image-preview":"max-image-preview:large","max-video-preview":"max-video-preview:-1"},"canonical":"http:\/\/duda-dziewierz.pl\/?page_id=463","og_locale":"pl_PL","og_type":"article","og_title":"Zarz\u0105dzanie obiektami muzealnymi w PRL - Antoni Duda-Dziewierz","og_description":"przedstawia realia prawne funkcjonowania muze\u00f3w w PRL, dotycz\u0105ce ich dzia\u0142alno\u015bci organizacyjnej, konserwatorskiej, naukowej, o\u015bwiatowej.","og_url":"http:\/\/duda-dziewierz.pl\/?page_id=463","og_site_name":"Antoni Duda-Dziewierz","article_modified_time":"2023-12-01T22:11:59+00:00","og_image":[{"url":"http:\/\/duda-dziewierz.pl\/wp-content\/uploads\/2023\/06\/wydanie-albumu-z-funduszy-WRN-ll-60-1024x601.jpg"}],"twitter_card":"summary_large_image","twitter_misc":{"Szacowany czas czytania":"2 minuty"},"schema":{"@context":"https:\/\/schema.org","@graph":[{"@type":"WebPage","@id":"http:\/\/duda-dziewierz.pl\/?page_id=463","url":"http:\/\/duda-dziewierz.pl\/?page_id=463","name":"Zarz\u0105dzanie obiektami muzealnymi w PRL - Antoni Duda-Dziewierz","isPartOf":{"@id":"http:\/\/duda-dziewierz.pl\/#website"},"datePublished":"2023-06-04T21:34:49+00:00","dateModified":"2023-12-01T22:11:59+00:00","description":"przedstawia realia prawne funkcjonowania muze\u00f3w w PRL, dotycz\u0105ce ich dzia\u0142alno\u015bci organizacyjnej, konserwatorskiej, naukowej, o\u015bwiatowej.","breadcrumb":{"@id":"http:\/\/duda-dziewierz.pl\/?page_id=463#breadcrumb"},"inLanguage":"pl-PL","potentialAction":[{"@type":"ReadAction","target":["http:\/\/duda-dziewierz.pl\/?page_id=463"]}]},{"@type":"BreadcrumbList","@id":"http:\/\/duda-dziewierz.pl\/?page_id=463#breadcrumb","itemListElement":[{"@type":"ListItem","position":1,"name":"Home","item":"http:\/\/duda-dziewierz.pl\/"},{"@type":"ListItem","position":2,"name":"Zarz\u0105dzanie obiektami muzealnymi w PRL"}]},{"@type":"WebSite","@id":"http:\/\/duda-dziewierz.pl\/#website","url":"http:\/\/duda-dziewierz.pl\/","name":"Antoni Duda-Dziewierz","description":"\u017cycie i dzia\u0142anie w trudnych czasach","alternateName":"Duda-Dziewierz","potentialAction":[{"@type":"SearchAction","target":{"@type":"EntryPoint","urlTemplate":"http:\/\/duda-dziewierz.pl\/?s={search_term_string}"},"query-input":"required name=search_term_string"}],"inLanguage":"pl-PL"}]}},"_links":{"self":[{"href":"http:\/\/duda-dziewierz.pl\/index.php?rest_route=\/wp\/v2\/pages\/463","targetHints":{"allow":["GET"]}}],"collection":[{"href":"http:\/\/duda-dziewierz.pl\/index.php?rest_route=\/wp\/v2\/pages"}],"about":[{"href":"http:\/\/duda-dziewierz.pl\/index.php?rest_route=\/wp\/v2\/types\/page"}],"author":[{"embeddable":true,"href":"http:\/\/duda-dziewierz.pl\/index.php?rest_route=\/wp\/v2\/users\/1"}],"replies":[{"embeddable":true,"href":"http:\/\/duda-dziewierz.pl\/index.php?rest_route=%2Fwp%2Fv2%2Fcomments&post=463"}],"version-history":[{"count":2,"href":"http:\/\/duda-dziewierz.pl\/index.php?rest_route=\/wp\/v2\/pages\/463\/revisions"}],"predecessor-version":[{"id":647,"href":"http:\/\/duda-dziewierz.pl\/index.php?rest_route=\/wp\/v2\/pages\/463\/revisions\/647"}],"wp:attachment":[{"href":"http:\/\/duda-dziewierz.pl\/index.php?rest_route=%2Fwp%2Fv2%2Fmedia&parent=463"}],"curies":[{"name":"wp","href":"https:\/\/api.w.org\/{rel}","templated":true}]}}