{"id":443,"date":"2023-06-04T22:23:26","date_gmt":"2023-06-04T20:23:26","guid":{"rendered":"http:\/\/duda-dziewierz.pl\/?page_id=443"},"modified":"2023-12-01T22:07:29","modified_gmt":"2023-12-01T21:07:29","slug":"pierwsze-lata-oczami-dudy-dziewierza","status":"publish","type":"page","link":"http:\/\/duda-dziewierz.pl\/?page_id=443","title":{"rendered":"Pierwsze lata oczami Dudy-Dziewierza"},"content":{"rendered":"\n<p>\u201eLokator\u00f3w mia\u0142em w zamku sto kilkadziesi\u0105t os\u00f3b, obcych \u2013 wspomina\u0142 Duda-Dziewierz w 1971 r.&nbsp; &#8211; w ca\u0142ym zamku cuchn\u0119\u0142o, dlatego \u017ce kanalizacja nie dzia\u0142a\u0142a, nie by\u0142o wody, nie by\u0142y czyszczone przewody kanalizacyjne\u201d.<\/p>\n\n\n\n<p>Opowie\u015b\u0107 o tym, jak przebiega\u0142y pocz\u0105tkowe prace w Zamku i jego otoczeniu i jak uda\u0142o si\u0119 pozyska\u0107 w\u0142a\u015bciwych fachowc\u00f3w, kt\u00f3rzy podj\u0119li si\u0119 karko\u0142omnych prac remontowych; jakimi metodami prowadzono konserwacj\u0119; jakim cudem dokonano odkry\u0107 dawnych malowide\u0142 i polichromii; kto konsultowa\u0142 przebieg prac konserwatorskich i pomaga\u0142 w naukowym opracowaniu zbior\u00f3w; jakimi sposobami dyrektor pozyskiwa\u0142 niezb\u0119dne finansowanie rozleg\u0142ych i kosztownych prac prowadzonych latami w Muzeum; jakie by\u0142y efekty wykonanych dzia\u0142a\u0144 renowacyjnych.<\/p>\n","protected":false},"excerpt":{"rendered":"<p>\u201eLokator\u00f3w mia\u0142em w zamku sto kilkadziesi\u0105t os\u00f3b, obcych \u2013 wspomina\u0142 Duda-Dziewierz w 1971 r.&nbsp; &#8211; w ca\u0142ym zamku cuchn\u0119\u0142o, dlatego \u017ce kanalizacja nie dzia\u0142a\u0142a, nie by\u0142o wody, nie by\u0142y czyszczone przewody kanalizacyjne\u201d. Opowie\u015b\u0107 o tym, jak przebiega\u0142y pocz\u0105tkowe prace w Zamku i jego otoczeniu i jak uda\u0142o si\u0119 pozyska\u0107 w\u0142a\u015bciwych fachowc\u00f3w, kt\u00f3rzy podj\u0119li si\u0119 karko\u0142omnych&hellip; <a class=\"more-link\" href=\"http:\/\/duda-dziewierz.pl\/?page_id=443\">Czytaj dalej <span class=\"screen-reader-text\">Pierwsze lata oczami Dudy-Dziewierza<\/span><\/a><\/p>\n","protected":false},"author":1,"featured_media":0,"parent":0,"menu_order":0,"comment_status":"closed","ping_status":"closed","template":"","meta":{"footnotes":""},"class_list":["post-443","page","type-page","status-publish","hentry","entry"],"yoast_head":"<!-- This site is optimized with the Yoast SEO plugin v21.6 - https:\/\/yoast.com\/wordpress\/plugins\/seo\/ -->\n<title>Pierwsze lata oczami Dudy-Dziewierza - Antoni Duda-Dziewierz<\/title>\n<meta name=\"description\" content=\"fachowcy do prac remontowych; metody prowadzenia konserwacji; odkrycie dawnych malowide\u0142 i polichromii; konsultacje konserwatorskie; opracowanie zbior\u00f3w.\" \/>\n<meta name=\"robots\" content=\"index, follow, max-snippet:-1, max-image-preview:large, max-video-preview:-1\" \/>\n<link rel=\"canonical\" href=\"http:\/\/duda-dziewierz.pl\/?page_id=443\" \/>\n<meta property=\"og:locale\" content=\"pl_PL\" \/>\n<meta property=\"og:type\" content=\"article\" \/>\n<meta property=\"og:title\" content=\"Pierwsze lata oczami Dudy-Dziewierza - Antoni Duda-Dziewierz\" \/>\n<meta property=\"og:description\" content=\"fachowcy do prac remontowych; metody prowadzenia konserwacji; odkrycie dawnych malowide\u0142 i polichromii; konsultacje konserwatorskie; opracowanie zbior\u00f3w.\" \/>\n<meta property=\"og:url\" content=\"http:\/\/duda-dziewierz.pl\/?page_id=443\" \/>\n<meta property=\"og:site_name\" content=\"Antoni Duda-Dziewierz\" \/>\n<meta property=\"article:modified_time\" content=\"2023-12-01T21:07:29+00:00\" \/>\n<meta property=\"og:image\" content=\"http:\/\/duda-dziewierz.pl\/wp-content\/uploads\/2023\/06\/ADD-zaprasza-do-Zamku-scaled.jpg\" \/>\n\t<meta property=\"og:image:width\" content=\"2150\" \/>\n\t<meta property=\"og:image:height\" content=\"2560\" \/>\n\t<meta property=\"og:image:type\" content=\"image\/jpeg\" \/>\n<meta name=\"twitter:card\" content=\"summary_large_image\" \/>\n<meta name=\"twitter:label1\" content=\"Szacowany czas czytania\" \/>\n\t<meta name=\"twitter:data1\" content=\"1 minuta\" \/>\n<script type=\"application\/ld+json\" class=\"yoast-schema-graph\">{\"@context\":\"https:\/\/schema.org\",\"@graph\":[{\"@type\":\"WebPage\",\"@id\":\"http:\/\/duda-dziewierz.pl\/?page_id=443\",\"url\":\"http:\/\/duda-dziewierz.pl\/?page_id=443\",\"name\":\"Pierwsze lata oczami Dudy-Dziewierza - Antoni Duda-Dziewierz\",\"isPartOf\":{\"@id\":\"http:\/\/duda-dziewierz.pl\/#website\"},\"datePublished\":\"2023-06-04T20:23:26+00:00\",\"dateModified\":\"2023-12-01T21:07:29+00:00\",\"description\":\"fachowcy do prac remontowych; metody prowadzenia konserwacji; odkrycie dawnych malowide\u0142 i polichromii; konsultacje konserwatorskie; opracowanie zbior\u00f3w.\",\"breadcrumb\":{\"@id\":\"http:\/\/duda-dziewierz.pl\/?page_id=443#breadcrumb\"},\"inLanguage\":\"pl-PL\",\"potentialAction\":[{\"@type\":\"ReadAction\",\"target\":[\"http:\/\/duda-dziewierz.pl\/?page_id=443\"]}]},{\"@type\":\"BreadcrumbList\",\"@id\":\"http:\/\/duda-dziewierz.pl\/?page_id=443#breadcrumb\",\"itemListElement\":[{\"@type\":\"ListItem\",\"position\":1,\"name\":\"Home\",\"item\":\"http:\/\/duda-dziewierz.pl\/\"},{\"@type\":\"ListItem\",\"position\":2,\"name\":\"Pierwsze lata oczami Dudy-Dziewierza\"}]},{\"@type\":\"WebSite\",\"@id\":\"http:\/\/duda-dziewierz.pl\/#website\",\"url\":\"http:\/\/duda-dziewierz.pl\/\",\"name\":\"Antoni Duda-Dziewierz\",\"description\":\"\u017cycie i dzia\u0142anie w trudnych czasach\",\"alternateName\":\"Duda-Dziewierz\",\"potentialAction\":[{\"@type\":\"SearchAction\",\"target\":{\"@type\":\"EntryPoint\",\"urlTemplate\":\"http:\/\/duda-dziewierz.pl\/?s={search_term_string}\"},\"query-input\":\"required name=search_term_string\"}],\"inLanguage\":\"pl-PL\"}]}<\/script>\n<!-- \/ Yoast SEO plugin. -->","yoast_head_json":{"title":"Pierwsze lata oczami Dudy-Dziewierza - Antoni Duda-Dziewierz","description":"fachowcy do prac remontowych; metody prowadzenia konserwacji; odkrycie dawnych malowide\u0142 i polichromii; konsultacje konserwatorskie; opracowanie zbior\u00f3w.","robots":{"index":"index","follow":"follow","max-snippet":"max-snippet:-1","max-image-preview":"max-image-preview:large","max-video-preview":"max-video-preview:-1"},"canonical":"http:\/\/duda-dziewierz.pl\/?page_id=443","og_locale":"pl_PL","og_type":"article","og_title":"Pierwsze lata oczami Dudy-Dziewierza - Antoni Duda-Dziewierz","og_description":"fachowcy do prac remontowych; metody prowadzenia konserwacji; odkrycie dawnych malowide\u0142 i polichromii; konsultacje konserwatorskie; opracowanie zbior\u00f3w.","og_url":"http:\/\/duda-dziewierz.pl\/?page_id=443","og_site_name":"Antoni Duda-Dziewierz","article_modified_time":"2023-12-01T21:07:29+00:00","og_image":[{"width":2150,"height":2560,"url":"http:\/\/duda-dziewierz.pl\/wp-content\/uploads\/2023\/06\/ADD-zaprasza-do-Zamku-scaled.jpg","type":"image\/jpeg"}],"twitter_card":"summary_large_image","twitter_misc":{"Szacowany czas czytania":"1 minuta"},"schema":{"@context":"https:\/\/schema.org","@graph":[{"@type":"WebPage","@id":"http:\/\/duda-dziewierz.pl\/?page_id=443","url":"http:\/\/duda-dziewierz.pl\/?page_id=443","name":"Pierwsze lata oczami Dudy-Dziewierza - Antoni Duda-Dziewierz","isPartOf":{"@id":"http:\/\/duda-dziewierz.pl\/#website"},"datePublished":"2023-06-04T20:23:26+00:00","dateModified":"2023-12-01T21:07:29+00:00","description":"fachowcy do prac remontowych; metody prowadzenia konserwacji; odkrycie dawnych malowide\u0142 i polichromii; konsultacje konserwatorskie; opracowanie zbior\u00f3w.","breadcrumb":{"@id":"http:\/\/duda-dziewierz.pl\/?page_id=443#breadcrumb"},"inLanguage":"pl-PL","potentialAction":[{"@type":"ReadAction","target":["http:\/\/duda-dziewierz.pl\/?page_id=443"]}]},{"@type":"BreadcrumbList","@id":"http:\/\/duda-dziewierz.pl\/?page_id=443#breadcrumb","itemListElement":[{"@type":"ListItem","position":1,"name":"Home","item":"http:\/\/duda-dziewierz.pl\/"},{"@type":"ListItem","position":2,"name":"Pierwsze lata oczami Dudy-Dziewierza"}]},{"@type":"WebSite","@id":"http:\/\/duda-dziewierz.pl\/#website","url":"http:\/\/duda-dziewierz.pl\/","name":"Antoni Duda-Dziewierz","description":"\u017cycie i dzia\u0142anie w trudnych czasach","alternateName":"Duda-Dziewierz","potentialAction":[{"@type":"SearchAction","target":{"@type":"EntryPoint","urlTemplate":"http:\/\/duda-dziewierz.pl\/?s={search_term_string}"},"query-input":"required name=search_term_string"}],"inLanguage":"pl-PL"}]}},"_links":{"self":[{"href":"http:\/\/duda-dziewierz.pl\/index.php?rest_route=\/wp\/v2\/pages\/443","targetHints":{"allow":["GET"]}}],"collection":[{"href":"http:\/\/duda-dziewierz.pl\/index.php?rest_route=\/wp\/v2\/pages"}],"about":[{"href":"http:\/\/duda-dziewierz.pl\/index.php?rest_route=\/wp\/v2\/types\/page"}],"author":[{"embeddable":true,"href":"http:\/\/duda-dziewierz.pl\/index.php?rest_route=\/wp\/v2\/users\/1"}],"replies":[{"embeddable":true,"href":"http:\/\/duda-dziewierz.pl\/index.php?rest_route=%2Fwp%2Fv2%2Fcomments&post=443"}],"version-history":[{"count":1,"href":"http:\/\/duda-dziewierz.pl\/index.php?rest_route=\/wp\/v2\/pages\/443\/revisions"}],"predecessor-version":[{"id":444,"href":"http:\/\/duda-dziewierz.pl\/index.php?rest_route=\/wp\/v2\/pages\/443\/revisions\/444"}],"wp:attachment":[{"href":"http:\/\/duda-dziewierz.pl\/index.php?rest_route=%2Fwp%2Fv2%2Fmedia&parent=443"}],"curies":[{"name":"wp","href":"https:\/\/api.w.org\/{rel}","templated":true}]}}