{"id":299,"date":"2023-05-29T22:18:33","date_gmt":"2023-05-29T20:18:33","guid":{"rendered":"http:\/\/duda-dziewierz.pl\/?page_id=299"},"modified":"2023-12-01T19:28:28","modified_gmt":"2023-12-01T18:28:28","slug":"gora-kalwaria","status":"publish","type":"page","link":"http:\/\/duda-dziewierz.pl\/?page_id=299","title":{"rendered":"G\u00f3ra Kalwaria"},"content":{"rendered":"\n<p>Po powrocie do Warszawy zim\u0105 1941 r., zosta\u0142 zatrudniony przez Wydzia\u0142 Opieki Spo\u0142ecznej Zarz\u0105du Miejskiego. W okresie 02.1942- 01.1945 pe\u0142ni\u0142 funkcj\u0119 kierownika Schroniska dla Starc\u00f3w i Kalek <br>w G\u00f3rze Kalwarii pod Warszaw\u0105.<\/p>\n\n\n\n<p>\u201eW 1941 znalaz\u0142em si\u0119 w Warszawie. Pracowa\u0142em jako nocny dozorca, a potem umie\u015bcili mnie w przytu\u0142ku w G\u00f3rze Kalwarii. Konspiracja. Robi\u0142o si\u0119 r\u00f3\u017cne rzeczy. Jak ka\u017cdy Polak w tym czasie\u201d. (&#8222;Jak wysokie drzewa&#8221; 1972)<\/p>\n\n\n\n<p>12 sierpnia 1944 r Niemcy zarz\u0105dzili ewakuacj\u0119 miasta G\u00f3ra Kalwaria. Mieszka\u0144c\u00f3w wysiedlono do okolicznych wsi. Zarz\u0105d Miejski ewakuowano do Baniochy (wie\u015b po\u0142o\u017cna ok 8 km od G\u00f3ry Kalwarii <br>w stron\u0119 Warszawy), a wraz z nim Antoniego z rodzin\u0105. Pomagaj\u0105c uciekinierom z Warszawy dotrwali do wyzwolenia 17 stycznia 1945 r. \u201eUciekinierzy rozstawiali namioty w lasku, a my\u015bmy im donosili jedzenie, pr\u00f3bowali\u015bmy ich ratowa\u0107 \u2013 wspomina c\u00f3rka Antoniego, Agnieszka &#8211; Chodzi\u0142am na pole, wykopywa\u0142am kartofle. Gotowali\u015bmy dla nich, aby mogli prze\u017cy\u0107, bo trzeba by\u0142o prze\u017cy\u0107 zim\u0119 a\u017c do stycznia. Mn\u00f3stwo ludzi mieszka\u0142o w Baniosze r\u00f3wnie\u017c w prowizorycznych namiotach, mimo \u017ce zima by\u0142a taka ci\u0119\u017cka, a \u017cywili si\u0119 gdzie mogli &#8211; u nas i we wszystkich innych okolicznych domach\u2026.I tak prze\u017cyli\u015bmy do stycznia&#8221;.<\/p>\n","protected":false},"excerpt":{"rendered":"<p>Po powrocie do Warszawy zim\u0105 1941 r., zosta\u0142 zatrudniony przez Wydzia\u0142 Opieki Spo\u0142ecznej Zarz\u0105du Miejskiego. W okresie 02.1942- 01.1945 pe\u0142ni\u0142 funkcj\u0119 kierownika Schroniska dla Starc\u00f3w i Kalek w G\u00f3rze Kalwarii pod Warszaw\u0105. \u201eW 1941 znalaz\u0142em si\u0119 w Warszawie. Pracowa\u0142em jako nocny dozorca, a potem umie\u015bcili mnie w przytu\u0142ku w G\u00f3rze Kalwarii. Konspiracja. Robi\u0142o si\u0119 r\u00f3\u017cne&hellip; <a class=\"more-link\" href=\"http:\/\/duda-dziewierz.pl\/?page_id=299\">Czytaj dalej <span class=\"screen-reader-text\">G\u00f3ra Kalwaria<\/span><\/a><\/p>\n","protected":false},"author":1,"featured_media":0,"parent":0,"menu_order":0,"comment_status":"closed","ping_status":"closed","template":"","meta":{"footnotes":""},"class_list":["post-299","page","type-page","status-publish","hentry","entry"],"yoast_head":"<!-- This site is optimized with the Yoast SEO plugin v21.6 - https:\/\/yoast.com\/wordpress\/plugins\/seo\/ -->\n<title>G\u00f3ra Kalwaria - Antoni Duda-Dziewierz<\/title>\n<meta name=\"description\" content=\"02.1942- 01.1945 kierownik Domu Przytu\u0142ku dla Starc\u00f3w i Kalek w G\u00f3rze Kalwarii. Pracownik Wydz. Opieki Spo\u0142ecznej Zarz\u0105du Miejskiego w Warszawie.\" \/>\n<meta name=\"robots\" content=\"index, follow, max-snippet:-1, max-image-preview:large, max-video-preview:-1\" \/>\n<link rel=\"canonical\" href=\"http:\/\/duda-dziewierz.pl\/?page_id=299\" \/>\n<meta property=\"og:locale\" content=\"pl_PL\" \/>\n<meta property=\"og:type\" content=\"article\" \/>\n<meta property=\"og:title\" content=\"G\u00f3ra Kalwaria - Antoni Duda-Dziewierz\" \/>\n<meta property=\"og:description\" content=\"02.1942- 01.1945 kierownik Domu Przytu\u0142ku dla Starc\u00f3w i Kalek w G\u00f3rze Kalwarii. Pracownik Wydz. Opieki Spo\u0142ecznej Zarz\u0105du Miejskiego w Warszawie.\" \/>\n<meta property=\"og:url\" content=\"http:\/\/duda-dziewierz.pl\/?page_id=299\" \/>\n<meta property=\"og:site_name\" content=\"Antoni Duda-Dziewierz\" \/>\n<meta property=\"article:modified_time\" content=\"2023-12-01T18:28:28+00:00\" \/>\n<meta property=\"og:image\" content=\"http:\/\/duda-dziewierz.pl\/wp-content\/uploads\/2023\/06\/ADD-zaprasza-do-Zamku-scaled.jpg\" \/>\n\t<meta property=\"og:image:width\" content=\"2150\" \/>\n\t<meta property=\"og:image:height\" content=\"2560\" \/>\n\t<meta property=\"og:image:type\" content=\"image\/jpeg\" \/>\n<meta name=\"twitter:card\" content=\"summary_large_image\" \/>\n<meta name=\"twitter:label1\" content=\"Szacowany czas czytania\" \/>\n\t<meta name=\"twitter:data1\" content=\"2 minuty\" \/>\n<script type=\"application\/ld+json\" class=\"yoast-schema-graph\">{\"@context\":\"https:\/\/schema.org\",\"@graph\":[{\"@type\":\"WebPage\",\"@id\":\"http:\/\/duda-dziewierz.pl\/?page_id=299\",\"url\":\"http:\/\/duda-dziewierz.pl\/?page_id=299\",\"name\":\"G\u00f3ra Kalwaria - Antoni Duda-Dziewierz\",\"isPartOf\":{\"@id\":\"http:\/\/duda-dziewierz.pl\/#website\"},\"datePublished\":\"2023-05-29T20:18:33+00:00\",\"dateModified\":\"2023-12-01T18:28:28+00:00\",\"description\":\"02.1942- 01.1945 kierownik Domu Przytu\u0142ku dla Starc\u00f3w i Kalek w G\u00f3rze Kalwarii. Pracownik Wydz. Opieki Spo\u0142ecznej Zarz\u0105du Miejskiego w Warszawie.\",\"breadcrumb\":{\"@id\":\"http:\/\/duda-dziewierz.pl\/?page_id=299#breadcrumb\"},\"inLanguage\":\"pl-PL\",\"potentialAction\":[{\"@type\":\"ReadAction\",\"target\":[\"http:\/\/duda-dziewierz.pl\/?page_id=299\"]}]},{\"@type\":\"BreadcrumbList\",\"@id\":\"http:\/\/duda-dziewierz.pl\/?page_id=299#breadcrumb\",\"itemListElement\":[{\"@type\":\"ListItem\",\"position\":1,\"name\":\"Home\",\"item\":\"http:\/\/duda-dziewierz.pl\/\"},{\"@type\":\"ListItem\",\"position\":2,\"name\":\"G\u00f3ra Kalwaria\"}]},{\"@type\":\"WebSite\",\"@id\":\"http:\/\/duda-dziewierz.pl\/#website\",\"url\":\"http:\/\/duda-dziewierz.pl\/\",\"name\":\"Antoni Duda-Dziewierz\",\"description\":\"\u017cycie i dzia\u0142anie w trudnych czasach\",\"alternateName\":\"Duda-Dziewierz\",\"potentialAction\":[{\"@type\":\"SearchAction\",\"target\":{\"@type\":\"EntryPoint\",\"urlTemplate\":\"http:\/\/duda-dziewierz.pl\/?s={search_term_string}\"},\"query-input\":\"required name=search_term_string\"}],\"inLanguage\":\"pl-PL\"}]}<\/script>\n<!-- \/ Yoast SEO plugin. -->","yoast_head_json":{"title":"G\u00f3ra Kalwaria - Antoni Duda-Dziewierz","description":"02.1942- 01.1945 kierownik Domu Przytu\u0142ku dla Starc\u00f3w i Kalek w G\u00f3rze Kalwarii. Pracownik Wydz. Opieki Spo\u0142ecznej Zarz\u0105du Miejskiego w Warszawie.","robots":{"index":"index","follow":"follow","max-snippet":"max-snippet:-1","max-image-preview":"max-image-preview:large","max-video-preview":"max-video-preview:-1"},"canonical":"http:\/\/duda-dziewierz.pl\/?page_id=299","og_locale":"pl_PL","og_type":"article","og_title":"G\u00f3ra Kalwaria - Antoni Duda-Dziewierz","og_description":"02.1942- 01.1945 kierownik Domu Przytu\u0142ku dla Starc\u00f3w i Kalek w G\u00f3rze Kalwarii. Pracownik Wydz. Opieki Spo\u0142ecznej Zarz\u0105du Miejskiego w Warszawie.","og_url":"http:\/\/duda-dziewierz.pl\/?page_id=299","og_site_name":"Antoni Duda-Dziewierz","article_modified_time":"2023-12-01T18:28:28+00:00","og_image":[{"width":2150,"height":2560,"url":"http:\/\/duda-dziewierz.pl\/wp-content\/uploads\/2023\/06\/ADD-zaprasza-do-Zamku-scaled.jpg","type":"image\/jpeg"}],"twitter_card":"summary_large_image","twitter_misc":{"Szacowany czas czytania":"2 minuty"},"schema":{"@context":"https:\/\/schema.org","@graph":[{"@type":"WebPage","@id":"http:\/\/duda-dziewierz.pl\/?page_id=299","url":"http:\/\/duda-dziewierz.pl\/?page_id=299","name":"G\u00f3ra Kalwaria - Antoni Duda-Dziewierz","isPartOf":{"@id":"http:\/\/duda-dziewierz.pl\/#website"},"datePublished":"2023-05-29T20:18:33+00:00","dateModified":"2023-12-01T18:28:28+00:00","description":"02.1942- 01.1945 kierownik Domu Przytu\u0142ku dla Starc\u00f3w i Kalek w G\u00f3rze Kalwarii. Pracownik Wydz. Opieki Spo\u0142ecznej Zarz\u0105du Miejskiego w Warszawie.","breadcrumb":{"@id":"http:\/\/duda-dziewierz.pl\/?page_id=299#breadcrumb"},"inLanguage":"pl-PL","potentialAction":[{"@type":"ReadAction","target":["http:\/\/duda-dziewierz.pl\/?page_id=299"]}]},{"@type":"BreadcrumbList","@id":"http:\/\/duda-dziewierz.pl\/?page_id=299#breadcrumb","itemListElement":[{"@type":"ListItem","position":1,"name":"Home","item":"http:\/\/duda-dziewierz.pl\/"},{"@type":"ListItem","position":2,"name":"G\u00f3ra Kalwaria"}]},{"@type":"WebSite","@id":"http:\/\/duda-dziewierz.pl\/#website","url":"http:\/\/duda-dziewierz.pl\/","name":"Antoni Duda-Dziewierz","description":"\u017cycie i dzia\u0142anie w trudnych czasach","alternateName":"Duda-Dziewierz","potentialAction":[{"@type":"SearchAction","target":{"@type":"EntryPoint","urlTemplate":"http:\/\/duda-dziewierz.pl\/?s={search_term_string}"},"query-input":"required name=search_term_string"}],"inLanguage":"pl-PL"}]}},"_links":{"self":[{"href":"http:\/\/duda-dziewierz.pl\/index.php?rest_route=\/wp\/v2\/pages\/299","targetHints":{"allow":["GET"]}}],"collection":[{"href":"http:\/\/duda-dziewierz.pl\/index.php?rest_route=\/wp\/v2\/pages"}],"about":[{"href":"http:\/\/duda-dziewierz.pl\/index.php?rest_route=\/wp\/v2\/types\/page"}],"author":[{"embeddable":true,"href":"http:\/\/duda-dziewierz.pl\/index.php?rest_route=\/wp\/v2\/users\/1"}],"replies":[{"embeddable":true,"href":"http:\/\/duda-dziewierz.pl\/index.php?rest_route=%2Fwp%2Fv2%2Fcomments&post=299"}],"version-history":[{"count":3,"href":"http:\/\/duda-dziewierz.pl\/index.php?rest_route=\/wp\/v2\/pages\/299\/revisions"}],"predecessor-version":[{"id":432,"href":"http:\/\/duda-dziewierz.pl\/index.php?rest_route=\/wp\/v2\/pages\/299\/revisions\/432"}],"wp:attachment":[{"href":"http:\/\/duda-dziewierz.pl\/index.php?rest_route=%2Fwp%2Fv2%2Fmedia&parent=299"}],"curies":[{"name":"wp","href":"https:\/\/api.w.org\/{rel}","templated":true}]}}